* using log directory ‘/srv/hornik/tmp/CRAN_pretest/MikeMAP.Rcheck’ * using R Under development (unstable) (2025-10-28 r88973) * using platform: x86_64-pc-linux-gnu * R was compiled by Debian clang version 19.1.7 (7) Debian flang-new version 19.1.7 (7) * running under: Debian GNU/Linux forky/sid * using session charset: UTF-8 * checking for file ‘MikeMAP/DESCRIPTION’ ... OK * checking extension type ... Package * this is package ‘MikeMAP’ version ‘0.1.0’ * package encoding: UTF-8 * checking CRAN incoming feasibility ... [4s/4s] NOTE Maintainer: ‘Mike Dereviankin ’ New submission License components with restrictions and base license permitting such: MIT + file LICENSE File 'LICENSE': MIT License Copyright (c) 2025 Mike Dereviankin Permission is hereby granted, free of charge, to any person obtaining a copy of this software and associated documentation files (the "Software"), to deal in the Software without restriction, including without limitation the rights to use, copy, modify, merge, publish, distribute, sublicense, and/or sell copies of the Software, and to permit persons to whom the Software is furnished to do so, subject to the following conditions: The above copyright notice and this permission notice shall be included in all copies or substantial portions of the Software. THE SOFTWARE IS PROVIDED "AS IS", WITHOUT WARRANTY OF ANY KIND, EXPRESS OR IMPLIED, INCLUDING BUT NOT LIMITED TO THE WARRANTIES OF MERCHANTABILITY, FITNESS FOR A PARTICULAR PURPOSE AND NONINFRINGEMENT. IN NO EVENT SHALL THE AUTHORS OR COPYRIGHT HOLDERS BE LIABLE FOR ANY CLAIM, DAMAGES OR OTHER LIABILITY, WHETHER IN AN ACTION OF CONTRACT, TORT OR OTHERWISE, ARISING FROM, OUT OF OR IN CONNECTION WITH THE SOFTWARE OR THE USE OR OTHER DEALINGS IN THE SOFTWARE. Possibly misspelled words in DESCRIPTION: MNIST (11:75) UMAP (3:8, 10:32) embeddings (10:37) Found the following (possibly) invalid URLs: URL: https://github.com/MikeDereviankin/Mike-MAP From: DESCRIPTION Status: 404 Message: Not Found URL: https://github.com/MikeDereviankin/Mike-MAP/issues From: DESCRIPTION Status: 404 Message: Not Found URL: https://mikedereviankin.github.io/Mike-MAP From: README.md Status: 404 Message: Not Found * checking package namespace information ... OK * checking package dependencies ... OK * checking if this is a source package ... OK * checking if there is a namespace ... OK * checking for executable files ... OK * checking for hidden files and directories ... NOTE Found the following hidden files and directories: man/figures/.gitkeep These were most likely included in error. See section ‘Package structure’ in the ‘Writing R Extensions’ manual. CRAN-pack does not know about man/figures/.gitkeep * checking for portable file names ... OK * checking for sufficient/correct file permissions ... OK * checking whether package ‘MikeMAP’ can be installed ... [0s/0s] ERROR Installation failed. See ‘/srv/hornik/tmp/CRAN_pretest/MikeMAP.Rcheck/00install.out’ for details. * DONE Status: 1 ERROR, 2 NOTEs