* using log directory 'd:/RCompile/CRANincoming/R-devel/Mcmap.Rcheck' * using R Under development (unstable) (2025-01-19 r87600 ucrt) * using platform: x86_64-w64-mingw32 * R was compiled by gcc.exe (GCC) 13.3.0 GNU Fortran (GCC) 13.3.0 * running under: Windows Server 2022 x64 (build 20348) * using session charset: UTF-8 * checking for file 'Mcmap/DESCRIPTION' ... OK * this is package 'Mcmap' version '0.0.0.9000' * package encoding: UTF-8 * checking CRAN incoming feasibility ... NOTE Maintainer: 'Alexandre Mekdade <' New submission Version contains large components (0.0.0.9000) Possibly misspelled words in DESCRIPTION: Mcmap (7:25) Minecraft (2:8) afin (7:179) cartographier (7:41) chaque (7:155) ciel (7:232) contenant (7:129) couleurs (7:143) de (7:38, 7:152, 7:167, 7:184) depuis (7:74, 7:222) fichier (7:84) le (7:213, 7:229) les (7:139) matrice (7:121) mca (7:92) minecraft (7:64) permet (7:31) senter (7:193) un (7:55, 7:81) une (7:117) visuellement (7:200) * checking package namespace information ... OK * checking package dependencies ... OK * checking if this is a source package ... OK * checking if there is a namespace ... OK * checking for hidden files and directories ... OK * checking for portable file names ... OK * checking serialization versions ... OK * checking whether package 'Mcmap' can be installed ... OK * checking installed package size ... OK * checking package directory ... OK * checking for future file timestamps ... OK * checking DESCRIPTION meta-information ... OK * checking top-level files ... OK * checking for left-over files ... OK * checking index information ... OK * checking package subdirectories ... OK * checking code files for non-ASCII characters ... WARNING Found the following file with non-ASCII characters: R/script.R Portable packages must use only ASCII characters in their R code and NAMESPACE directives, except perhaps in comments. Use \uxxxx escapes for other characters. Function 'tools::showNonASCIIfile' can help in finding non-ASCII characters in files. * checking R files for syntax errors ... OK * checking whether the package can be loaded ... OK * checking whether the package can be loaded with stated dependencies ... OK * checking whether the package can be unloaded cleanly ... OK * checking whether the namespace can be loaded with stated dependencies ... OK * checking whether the namespace can be unloaded cleanly ... OK * checking loading without being on the library search path ... OK * checking use of S3 registration ... OK * checking dependencies in R code ... OK * checking S3 generic/method consistency ... OK * checking replacement functions ... OK * checking foreign function calls ... OK * checking R code for possible problems ... OK * checking Rd files ... OK * checking Rd metadata ... OK * checking Rd line widths ... OK * checking Rd cross-references ... OK * checking for missing documentation entries ... OK * checking for code/documentation mismatches ... OK * checking Rd \usage sections ... OK * checking Rd contents ... OK * checking for unstated dependencies in examples ... OK * checking examples ... NONE * checking PDF version of manual ... [17s] OK * checking HTML version of manual ... NOTE Found the following HTML validation problems: Mcmap-package.html:33:46 (Mcmap-package.Rd:14): Error: is not recognized! Mcmap-package.html:33:46 (Mcmap-package.Rd:14): Warning: discarding unexpected Mcmap-package.html:65:1 (Mcmap-package.Rd:24): Warning: attribute "\email{lenny.garzino@alumni.@univ-avignon.fr}" lacks value Mcmap-package.html:65:1 (Mcmap-package.Rd:24): Error: is not recognized! Mcmap-package.html:65:1 (Mcmap-package.Rd:24): Warning: discarding unexpected Mcmap-package.html:67:16 (Mcmap-package.Rd:29): Warning: attribute "\email{alexandre.mekdade@alumni.@univ-avignon.fr}" lacks value Mcmap-package.html:67:16 (Mcmap-package.Rd:29): Error: is not recognized! Mcmap-package.html:67:16 (Mcmap-package.Rd:29): Warning: discarding unexpected * checking for code which exercises the package ... WARNING No examples, no tests, no vignettes * DONE Status: 2 WARNINGs, 2 NOTEs