* using log directory ‘/srv/hornik/tmp/CRAN_pretest/Mcmap.Rcheck’ * using R Under development (unstable) (2025-01-19 r87600) * using platform: x86_64-pc-linux-gnu * R was compiled by Debian clang version 19.1.6 (1+b1) Debian flang-new version 19.1.6 (1+b1) * running under: Debian GNU/Linux trixie/sid * using session charset: UTF-8 * checking for file ‘Mcmap/DESCRIPTION’ ... OK * this is package ‘Mcmap’ version ‘0.0.0.9000’ * package encoding: UTF-8 * checking CRAN incoming feasibility ... [3s/3s] NOTE Maintainer: ‘Alexandre Mekdade <’ New submission Version contains large components (0.0.0.9000) Possibly misspelled words in DESCRIPTION: Mcmap (7:25) Minecraft (2:8) afin (7:177) cartographier (7:41) chaque (7:153) ciel (7:229) contenant (7:127) couleurs (7:141) créer (7:109) de (7:38, 7:150, 7:165, 7:182) depuis (7:74, 7:219) fichier (7:84) le (7:210, 7:226) les (7:137) matrice (7:119) mca (7:92) minecraft (7:64) permet (7:31) représenter (7:185) un (7:55, 7:81) une (7:115) utilisé (7:96) visuellement (7:197) * checking package namespace information ... OK * checking package dependencies ... OK * checking if this is a source package ... OK * checking if there is a namespace ... OK * checking for executable files ... OK * checking for hidden files and directories ... OK * checking for portable file names ... OK * checking for sufficient/correct file permissions ... OK * checking serialization versions ... OK * checking whether package ‘Mcmap’ can be installed ... [1s/1s] OK * checking package directory ... OK * checking for future file timestamps ... OK * checking DESCRIPTION meta-information ... OK * checking top-level files ... OK * checking for left-over files ... OK * checking index information ... OK * checking package subdirectories ... OK * checking code files for non-ASCII characters ... WARNING Found the following file with non-ASCII characters: R/script.R Portable packages must use only ASCII characters in their R code and NAMESPACE directives, except perhaps in comments. Use \uxxxx escapes for other characters. Function ‘tools::showNonASCIIfile’ can help in finding non-ASCII characters in files. * checking R files for syntax errors ... OK * checking whether the package can be loaded ... [0s/0s] OK * checking whether the package can be loaded with stated dependencies ... [0s/0s] OK * checking whether the package can be unloaded cleanly ... [0s/0s] OK * checking whether the namespace can be loaded with stated dependencies ... [0s/0s] OK * checking whether the namespace can be unloaded cleanly ... [0s/0s] OK * checking loading without being on the library search path ... [0s/0s] OK * checking use of S3 registration ... OK * checking dependencies in R code ... OK * checking S3 generic/method consistency ... OK * checking replacement functions ... OK * checking foreign function calls ... OK * checking R code for possible problems ... [2s/2s] OK * checking Rd files ... [0s/0s] OK * checking Rd metadata ... OK * checking Rd line widths ... OK * checking Rd cross-references ... OK * checking for missing documentation entries ... OK * checking for code/documentation mismatches ... OK * checking Rd \usage sections ... OK * checking Rd contents ... OK * checking for unstated dependencies in examples ... OK * checking examples ... NONE * checking PDF version of manual ... [3s/3s] OK * checking HTML version of manual ... [0s/0s] NOTE Found the following HTML validation problems: Mcmap-package.html:33:46 (Mcmap-package.Rd:14): Error: is not recognized! Mcmap-package.html:33:46 (Mcmap-package.Rd:14): Warning: discarding unexpected Mcmap-package.html:65:1 (Mcmap-package.Rd:24): Warning: attribute "\email{lenny.garzino@alumni.@univ-avignon.fr}" lacks value Mcmap-package.html:65:1 (Mcmap-package.Rd:24): Error: is not recognized! Mcmap-package.html:65:1 (Mcmap-package.Rd:24): Warning: discarding unexpected Mcmap-package.html:67:16 (Mcmap-package.Rd:29): Warning: attribute "\email{alexandre.mekdade@alumni.@univ-avignon.fr}" lacks value Mcmap-package.html:67:16 (Mcmap-package.Rd:29): Error: is not recognized! Mcmap-package.html:67:16 (Mcmap-package.Rd:29): Warning: discarding unexpected * checking for code which exercises the package ... WARNING No examples, no tests, no vignettes * checking for non-standard things in the check directory ... OK * checking for detritus in the temp directory ... OK * DONE Status: 2 WARNINGs, 2 NOTEs