* using log directory 'd:/RCompile/CRANincoming/R-devel/MLSP.Rcheck' * using R Under development (unstable) (2025-09-17 r88852 ucrt) * using platform: x86_64-w64-mingw32 * R was compiled by gcc.exe (GCC) 14.2.0 GNU Fortran (GCC) 14.2.0 * running under: Windows Server 2022 x64 (build 20348) * using session charset: UTF-8 * checking for file 'MLSP/DESCRIPTION' ... OK * checking extension type ... Package * this is package 'MLSP' version '0.1.0' * package encoding: UTF-8 * checking CRAN incoming feasibility ... NOTE Maintainer: 'Pengyuan Chen ' New submission * checking package namespace information ... OK * checking package dependencies ... OK * checking if this is a source package ... OK * checking if there is a namespace ... OK * checking for hidden files and directories ... OK * checking for portable file names ... OK * checking serialization versions ... OK * checking whether package 'MLSP' can be installed ... OK * checking installed package size ... OK * checking package directory ... OK * checking for future file timestamps ... OK * checking DESCRIPTION meta-information ... OK * checking top-level files ... OK * checking for left-over files ... OK * checking index information ... OK * checking package subdirectories ... OK * checking code files for non-ASCII characters ... OK * checking R files for syntax errors ... OK * checking whether the package can be loaded ... OK * checking whether the package can be loaded with stated dependencies ... OK * checking whether the package can be unloaded cleanly ... OK * checking whether the namespace can be loaded with stated dependencies ... OK * checking whether the namespace can be unloaded cleanly ... OK * checking loading without being on the library search path ... OK * checking use of S3 registration ... OK * checking dependencies in R code ... OK * checking S3 generic/method consistency ... OK * checking replacement functions ... OK * checking foreign function calls ... OK * checking R code for possible problems ... [14s] OK * checking Rd files ... OK * checking Rd metadata ... OK * checking Rd line widths ... OK * checking Rd cross-references ... OK * checking for missing documentation entries ... OK * checking for code/documentation mismatches ... WARNING Codoc mismatches from Rd file 'ml_f.Rd': ml_f Code: function(x, y, smoother_selection, type_of_soil, model_selection = TRUE) Docs: function(x = spectral_data, y = lab_data_in_vector, smoother_selection, type_of_soil, model_selection = TRUE) Mismatches in argument default values: Name: 'x' Code: Docs: spectral_data Name: 'y' Code: Docs: lab_data_in_vector * checking Rd \usage sections ... OK * checking Rd contents ... OK * checking for unstated dependencies in examples ... OK * checking examples ... OK * checking PDF version of manual ... [21s] OK * checking HTML version of manual ... OK * DONE Status: 1 WARNING, 1 NOTE