* using log directory ‘/srv/hornik/tmp/CRAN_pretest/MERLIN.Rcheck’ * using R Under development (unstable) (2025-11-15 r89024) * using platform: x86_64-pc-linux-gnu * R was compiled by Debian clang version 21.1.5 (1) Debian flang version 21.1.5 (1) * running under: Debian GNU/Linux forky/sid * using session charset: UTF-8 * checking for file ‘MERLIN/DESCRIPTION’ ... OK * this is package ‘MERLIN’ version ‘1.1.1’ * package encoding: UTF-8 * checking CRAN incoming feasibility ... [3s/4s] ERROR Maintainer: ‘Peng Sun ’ New submission Conflicting package names (submitted: MERLIN, existing: merlin [CRAN archive]) Possibly misspelled words in DESCRIPTION: GWIS (10:113) INteraction (2:54) MEndelian (2:19) Package has a VignetteBuilder field but no prebuilt vignette index. The Title field starts with the package name. The Description field should not start with the package name, 'This package' or similar. * checking package namespace information ... OK * checking package dependencies ... INFO Vignette dependency required without any vignettes: ‘knitr’ * checking if this is a source package ... OK * checking if there is a namespace ... OK * checking for executable files ... OK * checking for hidden files and directories ... OK * checking for portable file names ... OK * checking for sufficient/correct file permissions ... OK * checking serialization versions ... OK * checking whether package ‘MERLIN’ can be installed ... [4s/5s] ERROR Installation failed. See ‘/srv/hornik/tmp/CRAN_pretest/MERLIN.Rcheck/00install.out’ for details. * DONE Status: 2 ERRORs