* using log directory ‘/srv/hornik/tmp/CRAN_pretest/MERLIN.Rcheck’ * using R Under development (unstable) (2025-10-31 r88977) * using platform: x86_64-pc-linux-gnu * R was compiled by Debian clang version 19.1.7 (7) Debian flang-new version 19.1.7 (7) * running under: Debian GNU/Linux forky/sid * using session charset: UTF-8 * checking for file ‘MERLIN/DESCRIPTION’ ... OK * this is package ‘MERLIN’ version ‘1.1.0’ * package encoding: UTF-8 * checking CRAN incoming feasibility ... [3s/3s] ERROR Maintainer: ‘Peng Sun ’ New submission Conflicting package names (submitted: MERLIN, existing: merlin [CRAN archive]) Possibly misspelled words in DESCRIPTION: GWIS (12:38) INteraction (2:54, 9:57) MEndelian (2:19, 9:22) Authors@R field gives persons with deprecated or bad elements: Warning in person1(given = given[[i]], family = family[[i]], middle = middle[[i]], : Invalid ORCID iD: ‘shilab-ecnu’. Calls: ... FUN -> with -> with.default -> eval -> eval -> person1 The Title field starts with the package name. The Description field should not start with the package name, 'This package' or similar. * checking package namespace information ... OK * checking package dependencies ... OK * checking if this is a source package ... OK * checking if there is a namespace ... OK * checking for executable files ... OK * checking for hidden files and directories ... OK * checking for portable file names ... OK * checking for sufficient/correct file permissions ... OK * checking serialization versions ... OK * checking whether package ‘MERLIN’ can be installed ... [37s/37s] ERROR Installation failed. See ‘/srv/hornik/tmp/CRAN_pretest/MERLIN.Rcheck/00install.out’ for details. * DONE Status: 2 ERRORs