* using log directory ‘/home/hornik/tmp/CRAN_special_noSuggests/MBNMAtime.Rcheck’ * using R Under development (unstable) (2025-01-27 r87654) * using platform: x86_64-pc-linux-gnu * R was compiled by gcc-14 (Debian 14.2.0-12) 14.2.0 GNU Fortran (Debian 14.2.0-12) 14.2.0 * running under: Debian GNU/Linux trixie/sid * using session charset: UTF-8 * checking for file ‘MBNMAtime/DESCRIPTION’ ... OK * checking extension type ... Package * this is package ‘MBNMAtime’ version ‘0.2.6’ * package encoding: UTF-8 * checking CRAN incoming feasibility ... [5s/7s] NOTE Maintainer: ‘Hugo Pedder ’ New submission Package was archived on CRAN Possibly misspelled words in DESCRIPTION: MBNMA (3:59, 12:86) Pedder (14:27) al (14:37) et (14:34) CRAN repository db overrides: X-CRAN-Comment: Archived on 2024-11-20 as issues were not corrected despite reminders. * checking package namespace information ... OK * checking package dependencies ... OK * checking if this is a source package ... OK * checking if there is a namespace ... OK * checking for executable files ... OK * checking for hidden files and directories ... OK * checking for portable file names ... OK * checking for sufficient/correct file permissions ... OK * checking whether package ‘MBNMAtime’ can be installed ... [5s/5s] OK * checking package directory ... OK * checking for future file timestamps ... OK * checking ‘build’ directory ... OK * checking DESCRIPTION meta-information ... OK * checking top-level files ... OK * checking for left-over files ... OK * checking index information ... OK * checking package subdirectories ... OK * checking code files for non-ASCII characters ... OK * checking R files for syntax errors ... OK * checking whether the package can be loaded ... [0s/0s] OK * checking whether the package can be loaded with stated dependencies ... [0s/0s] OK * checking whether the package can be unloaded cleanly ... [0s/0s] OK * checking whether the namespace can be loaded with stated dependencies ... [0s/0s] OK * checking whether the namespace can be unloaded cleanly ... [0s/0s] OK * checking loading without being on the library search path ... [0s/0s] OK * checking use of S3 registration ... OK * checking dependencies in R code ... OK * checking S3 generic/method consistency ... OK * checking replacement functions ... OK * checking foreign function calls ... OK * checking R code for possible problems ... [11s/11s] OK * checking Rd files ... [1s/1s] OK * checking Rd metadata ... OK * checking Rd line widths ... OK * checking Rd cross-references ... OK * checking for missing documentation entries ... OK * checking for code/documentation mismatches ... OK * checking Rd \usage sections ... OK * checking Rd contents ... OK * checking for unstated dependencies in examples ... OK * checking contents of ‘data’ directory ... OK * checking data for non-ASCII characters ... [0s/0s] OK * checking LazyData ... OK * checking data for ASCII and uncompressed saves ... OK * checking installed files from ‘inst/doc’ ... OK * checking files in ‘vignettes’ ... OK * checking examples ... [7s/7s] OK * checking for unstated dependencies in ‘tests’ ... OK * checking tests ... [9s/9s] OK Running ‘testthat.R’ [9s/9s] * checking for unstated dependencies in vignettes ... OK * checking package vignettes ... OK * checking re-building of vignette outputs ... [9s/9s] ERROR Error(s) in re-building vignettes: ... --- re-building ‘consistencychecking-3.Rmd’ using rmarkdown Quitting from lines 141-146 [unnamed-chunk-8] (consistencychecking-3.Rmd) Error: processing vignette 'consistencychecking-3.Rmd' failed with diagnostics: there is no package called 'ggplot2' --- failed re-building ‘consistencychecking-3.Rmd’ --- re-building ‘dataexploration-1.Rmd’ using rmarkdown ** Processing: /home/hornik/tmp/CRAN_special_noSuggests/MBNMAtime.Rcheck/vign_test/MBNMAtime/vignettes/dataexploration-1_files/figure-html/unnamed-chunk-1-1.png 672x480 pixels, 3x8 bits/pixel, RGB Input IDAT size = 19072 bytes Input file size = 19174 bytes Trying: zc = 9 zm = 8 zs = 0 f = 0 IDAT size = 16320 zc = 9 zm = 8 zs = 1 f = 0 zc = 1 zm = 8 zs = 2 f = 0 zc = 9 zm = 8 zs = 3 f = 0 zc = 9 zm = 8 zs = 0 f = 5 zc = 9 zm = 8 zs = 1 f = 5 zc = 1 zm = 8 zs = 2 f = 5 zc = 9 zm = 8 zs = 3 f = 5 Selecting parameters: zc = 9 zm = 8 zs = 0 f = 0 IDAT size = 16320 Output IDAT size = 16320 bytes (2752 bytes decrease) Output file size = 16398 bytes (2776 bytes = 14.48% decrease) ** Processing: /home/hornik/tmp/CRAN_special_noSuggests/MBNMAtime.Rcheck/vign_test/MBNMAtime/vignettes/dataexploration-1_files/figure-html/unnamed-chunk-3-1.png 672x480 pixels, 3x8 bits/pixel, RGB Input IDAT size = 119981 bytes Input file size = 120227 bytes Trying: zc = 9 zm = 8 zs = 0 f = 0 IDAT size = 88771 zc = 9 zm = 8 zs = 1 f = 0 zc = 1 zm = 8 zs = 2 f = 0 zc = 9 zm = 8 zs = 3 f = 0 zc = 9 zm = 8 zs = 0 f = 5 zc = 9 zm = 8 zs = 1 f = 5 zc = 1 zm = 8 zs = 2 f = 5 zc = 9 zm = 8 zs = 3 f = 5 Selecting parameters: zc = 9 zm = 8 zs = 0 f = 0 IDAT size = 88771 Output IDAT size = 88771 bytes (31210 bytes decrease) Output file size = 88849 bytes (31378 bytes = 26.10% decrease) ** Processing: /home/hornik/tmp/CRAN_special_noSuggests/MBNMAtime.Rcheck/vign_test/MBNMAtime/vignettes/dataexploration-1_files/figure-html/unnamed-chunk-5-1.png 672x480 pixels, 3x8 bits/pixel, RGB Input IDAT size = 25739 bytes Input file size = 25853 bytes Trying: zc = 9 zm = 8 zs = 0 f = 0 IDAT size = 19919 zc = 9 zm = 8 zs = 1 f = 0 zc = 1 zm = 8 zs = 2 f = 0 zc = 9 zm = 8 zs = 3 f = 0 zc = 9 zm = 8 zs = 0 f = 5 zc = 9 zm = 8 zs = 1 f = 5 zc = 1 zm = 8 zs = 2 f = 5 zc = 9 zm = 8 zs = 3 f = 5 Selecting parameters: zc = 9 zm = 8 zs = 0 f = 0 IDAT size = 19919 Output IDAT size = 19919 bytes (5820 bytes decrease) Output file size = 19997 bytes (5856 bytes = 22.65% decrease) ** Processing: /home/hornik/tmp/CRAN_special_noSuggests/MBNMAtime.Rcheck/vign_test/MBNMAtime/vignettes/dataexploration-1_files/figure-html/unnamed-chunk-7-1.png 672x480 pixels, 3x8 bits/pixel, RGB Input IDAT size = 131032 bytes Input file size = 131290 bytes Trying: zc = 9 zm = 8 zs = 0 f = 0 IDAT size = 94428 zc = 9 zm = 8 zs = 1 f = 0 zc = 1 zm = 8 zs = 2 f = 0 zc = 9 zm = 8 zs = 3 f = 0 zc = 9 zm = 8 zs = 0 f = 5 zc = 9 zm = 8 zs = 1 f = 5 zc = 1 zm = 8 zs = 2 f = 5 zc = 9 zm = 8 zs = 3 f = 5 Selecting parameters: zc = 9 zm = 8 zs = 0 f = 0 IDAT size = 94428 Output IDAT size = 94428 bytes (36604 bytes decrease) Output file size = 94506 bytes (36784 bytes = 28.02% decrease) Quitting from lines 119-124 [pain.time] (dataexploration-1.Rmd) Error: processing vignette 'dataexploration-1.Rmd' failed with diagnostics: there is no package called 'ggplot2' --- failed re-building ‘dataexploration-1.Rmd’ --- re-building ‘mbnmatime-overview.Rmd’ using rmarkdown --- finished re-building ‘mbnmatime-overview.Rmd’ --- re-building ‘outputs-4.Rmd’ using rmarkdown Quitting from lines 14-29 [setup] (outputs-4.Rmd) Error: processing vignette 'outputs-4.Rmd' failed with diagnostics: there is no package called 'ggplot2' --- failed re-building ‘outputs-4.Rmd’ --- re-building ‘predictions-5.Rmd’ using rmarkdown Quitting from lines 14-29 [setup] (predictions-5.Rmd) Error: processing vignette 'predictions-5.Rmd' failed with diagnostics: there is no package called 'ggplot2' --- failed re-building ‘predictions-5.Rmd’ --- re-building ‘runmbnmatime-2.Rmd’ using rmarkdown Quitting from lines 14-29 [setup] (runmbnmatime-2.Rmd) Error: processing vignette 'runmbnmatime-2.Rmd' failed with diagnostics: there is no package called 'ggplot2' --- failed re-building ‘runmbnmatime-2.Rmd’ SUMMARY: processing the following files failed: ‘consistencychecking-3.Rmd’ ‘dataexploration-1.Rmd’ ‘outputs-4.Rmd’ ‘predictions-5.Rmd’ ‘runmbnmatime-2.Rmd’ Error: Vignette re-building failed. Execution halted * checking PDF version of manual ... [4s/4s] OK * checking HTML version of manual ... [2s/3s] OK * checking for non-standard things in the check directory ... OK * checking for detritus in the temp directory ... OK * DONE Status: 1 ERROR, 1 NOTE