* using log directory 'd:/RCompile/CRANincoming/R-devel/MBESS.Rcheck' * using R Under development (unstable) (2025-07-06 r88390 ucrt) * using platform: x86_64-w64-mingw32 * R was compiled by gcc.exe (GCC) 14.2.0 GNU Fortran (GCC) 14.2.0 * running under: Windows Server 2022 x64 (build 20348) * using session charset: UTF-8 * checking for file 'MBESS/DESCRIPTION' ... OK * checking extension type ... Package * this is package 'MBESS' version '4.9.41' * package encoding: UTF-8 * checking CRAN incoming feasibility ... [12s] NOTE Maintainer: 'Ken Kelley ' Found the following (possibly) invalid URLs: URL: https://www3.nd.edu/~kkelley/site/MBESS.html From: DESCRIPTION Status: 404 Message: Not Found * checking package namespace information ... OK * checking package dependencies ... OK * checking if this is a source package ... OK * checking if there is a namespace ... OK * checking for hidden files and directories ... OK * checking for portable file names ... OK * checking whether package 'MBESS' can be installed ... OK * checking installed package size ... OK * checking package directory ... OK * checking for future file timestamps ... OK * checking DESCRIPTION meta-information ... OK * checking top-level files ... OK * checking for left-over files ... OK * checking index information ... OK * checking package subdirectories ... OK * checking code files for non-ASCII characters ... OK * checking R files for syntax errors ... OK * checking whether the package can be loaded ... OK * checking whether the package can be loaded with stated dependencies ... OK * checking whether the package can be unloaded cleanly ... OK * checking whether the namespace can be loaded with stated dependencies ... OK * checking whether the namespace can be unloaded cleanly ... OK * checking loading without being on the library search path ... OK * checking use of S3 registration ... OK * checking dependencies in R code ... OK * checking S3 generic/method consistency ... OK * checking replacement functions ... OK * checking foreign function calls ... OK * checking R code for possible problems ... [41s] OK * checking Rd files ... OK * checking Rd metadata ... OK * checking Rd line widths ... OK * checking Rd cross-references ... OK * checking for missing documentation entries ... OK * checking for code/documentation mismatches ... OK * checking Rd \usage sections ... OK * checking Rd contents ... OK * checking for unstated dependencies in examples ... OK * checking contents of 'data' directory ... OK * checking data for non-ASCII characters ... OK * checking data for ASCII and uncompressed saves ... OK * checking examples ... ERROR Running examples in 'MBESS-Ex.R' failed The error most likely occurred in: > base::assign(".ptime", proc.time(), pos = "CheckExEnv") > ### Name: ci.c > ### Title: Confidence interval for a contrast in a fixed effects ANOVA > ### Aliases: ci.c > ### Keywords: design > > ### ** Examples > > # Here is a four group example. Suppose that the means of groups 1--4 are 2, 4, 9, > # and 13, respectively. Further, let the error variance be .64 and thus the standard > # deviation would be .80 (note we use the standard deviation in the function, not the > # variance). The contrast of interest here is the average of groups 1 and 4 versus the > # average of groups 2 and 3. > > ci.c(means=c(2, 4, 9, 13), s.anova=.80, c.weights=c(.5, -.5, -.5, .5), + n=c(3, 3, 3, 3), N=12, conf.level=.95) Error in ci.c(means = c(2, 4, 9, 13), s.anova = 0.8, c.weights = c(0.5, : Please use fractional values to specify the contrast weights (i.e., no contrast weights above 1. Execution halted * checking PDF version of manual ... [26s] OK * checking HTML version of manual ... [21s] OK * DONE Status: 1 ERROR, 1 NOTE