* using log directory ‘/srv/hornik/tmp/CRAN_pretest/LorMe.Rcheck’ * using R Under development (unstable) (2025-11-16 r89026) * using platform: x86_64-pc-linux-gnu * R was compiled by Debian clang version 21.1.5 (1) Debian flang version 21.1.5 (1) * running under: Debian GNU/Linux forky/sid * using session charset: UTF-8 * checking for file ‘LorMe/DESCRIPTION’ ... OK * this is package ‘LorMe’ version ‘2.0.0’ * package encoding: UTF-8 * checking CRAN incoming feasibility ... [4s/4s] OK * checking package namespace information ... OK * checking package dependencies ... OK * checking if this is a source package ... OK * checking if there is a namespace ... OK * checking for executable files ... OK * checking for hidden files and directories ... OK * checking for portable file names ... OK * checking for sufficient/correct file permissions ... OK * checking whether package ‘LorMe’ can be installed ... [12s/12s] OK * checking package directory ... OK * checking for future file timestamps ... OK * checking DESCRIPTION meta-information ... OK * checking top-level files ... OK * checking for left-over files ... OK * checking index information ... OK * checking package subdirectories ... OK * checking code files for non-ASCII characters ... OK * checking R files for syntax errors ... OK * checking whether the package can be loaded ... [3s/3s] OK * checking whether the package can be loaded with stated dependencies ... [3s/3s] OK * checking whether the package can be unloaded cleanly ... [3s/3s] OK * checking whether the namespace can be loaded with stated dependencies ... [3s/3s] OK * checking whether the namespace can be unloaded cleanly ... [3s/3s] OK * checking loading without being on the library search path ... [3s/3s] OK * checking whether startup messages can be suppressed ... [3s/3s] OK * checking use of S3 registration ... OK * checking dependencies in R code ... OK * checking S3 generic/method consistency ... OK * checking replacement functions ... OK * checking foreign function calls ... OK * checking R code for possible problems ... [18s/18s] OK * checking Rd files ... [0s/0s] OK * checking Rd metadata ... OK * checking Rd line widths ... OK * checking Rd cross-references ... OK * checking for missing documentation entries ... OK * checking for code/documentation mismatches ... OK * checking Rd \usage sections ... OK * checking Rd contents ... OK * checking for unstated dependencies in examples ... OK * checking contents of ‘data’ directory ... OK * checking data for non-ASCII characters ... [3s/3s] OK * checking LazyData ... OK * checking data for ASCII and uncompressed saves ... OK * checking examples ... [8s/8s] ERROR Running examples in ‘LorMe-Ex.R’ failed The error most likely occurred in: > base::assign(".ptime", proc.time(), pos = "CheckExEnv") > ### Name: Module_abundance > ### Title: Calculate network module abundance for each sample > ### Aliases: Module_abundance > > ### ** Examples > > #data preparation > data("Two_group") > ##network analysis > network_results<- safe_run({ + network_analysis(taxobj = Two_group, + taxlevel = "Genus", + n = 10, + threshold = 0.8)}) fatal Fortran runtime error(/tmp/Rtmp4LgvFI/R.INSTALLc67361f40b959/Hmisc/src/rcorr.f90:33): Internal error: RUNTIME_CHECK(maskType && maskType->first == TypeCategory::Logical) failed at flang/runtime/transformational.cpp(639) Aborted * checking PDF version of manual ... [4s/4s] OK * checking HTML version of manual ... [2s/2s] OK * checking for non-standard things in the check directory ... OK * checking for detritus in the temp directory ... OK * DONE Status: 1 ERROR