* using log directory 'd:/RCompile/CRANincoming/R-devel/LBBNN.Rcheck' * using R Under development (unstable) (2025-11-11 r89006 ucrt) * using platform: x86_64-w64-mingw32 * R was compiled by gcc.exe (GCC) 14.3.0 GNU Fortran (GCC) 14.3.0 * running under: Windows Server 2022 x64 (build 20348) * using session charset: UTF-8 * checking for file 'LBBNN/DESCRIPTION' ... OK * this is package 'LBBNN' version '0.0.0.9000' * package encoding: UTF-8 * checking CRAN incoming feasibility ... [12s] NOTE Maintainer: 'Lars Skaaret-Lund ' New submission Version contains large components (0.0.0.9000) Possibly misspelled words in DESCRIPTION: LBBNNs (7:38, 7:299) reparametrization (7:121) The Title field should be in title case. Current version is: 'Implementation of Latent Binary Bayesian Neural Networks using torch for R' In title case that is: 'Implementation of Latent Binary Bayesian Neural Networks using Torch for R' Size of tarball: 33193663 bytes * checking package namespace information ... OK * checking package dependencies ... OK * checking if this is a source package ... OK * checking if there is a namespace ... OK * checking for hidden files and directories ... OK * checking for portable file names ... OK * checking whether package 'LBBNN' can be installed ... OK * checking installed package size ... OK * checking package directory ... OK * checking for future file timestamps ... OK * checking 'build' directory ... OK * checking DESCRIPTION meta-information ... OK * checking top-level files ... OK * checking for left-over files ... OK * checking index information ... OK * checking package subdirectories ... OK * checking code files for non-ASCII characters ... OK * checking R files for syntax errors ... OK * checking whether the package can be loaded ... OK * checking whether the package can be loaded with stated dependencies ... OK * checking whether the package can be unloaded cleanly ... OK * checking whether the namespace can be loaded with stated dependencies ... OK * checking whether the namespace can be unloaded cleanly ... OK * checking loading without being on the library search path ... OK * checking use of S3 registration ... OK * checking dependencies in R code ... OK * checking S3 generic/method consistency ... NOTE Mismatches for methods registered for non-generic: predict: function(object, ...) predict.LBBNN_Net: function(object, mpm, newdata, draws, device, link) See section 'Registering S3 methods' in the 'Writing R Extensions' manual. * checking replacement functions ... OK * checking foreign function calls ... OK * checking R code for possible problems ... [31s] OK * checking Rd files ... OK * checking Rd metadata ... OK * checking Rd line widths ... OK * checking Rd cross-references ... OK * checking for missing documentation entries ... OK * checking for code/documentation mismatches ... OK * checking Rd \usage sections ... OK * checking Rd contents ... OK * checking for unstated dependencies in examples ... OK * checking contents of 'data' directory ... OK * checking data for non-ASCII characters ... OK * checking LazyData ... OK * checking data for ASCII and uncompressed saves ... OK * checking installed files from 'inst/doc' ... OK * checking files in 'vignettes' ... OK * checking examples ... ERROR Running examples in 'LBBNN-Ex.R' failed The error most likely occurred in: > base::assign(".ptime", proc.time(), pos = "CheckExEnv") > ### Name: FLOW > ### Title: Class to generate a FLOW > ### Aliases: FLOW > > ### ** Examples > > flow <- FLOW(c(200,100,100),transform_type = 'RNVP',num_transforms = 3) Error in (function (size, options, memory_format) : Lantern is not loaded. Please use `install_torch()` to install additional dependencies. Calls: FLOW ... call_c_function -> do_call -> do.call -> Execution halted * checking for unstated dependencies in vignettes ... OK * checking package vignettes ... OK * checking re-building of vignette outputs ... OK * checking PDF version of manual ... [23s] WARNING LaTeX errors when creating PDF version. This typically indicates Rd problems. LaTeX errors found: ! LaTeX Error: Unicode character ̇ (U+0307) not set up for use with LaTeX. See the LaTeX manual or LaTeX Companion for explanation. Type H for immediate help. * checking PDF version of manual without index ... ERROR * checking HTML version of manual ... OK * DONE Status: 2 ERRORs, 1 WARNING, 2 NOTEs