* using log directory 'd:/RCompile/CRANincoming/R-devel/INLAtools.Rcheck' * using R Under development (unstable) (2025-11-17 r89032 ucrt) * using platform: x86_64-w64-mingw32 * R was compiled by gcc.exe (GCC) 14.3.0 GNU Fortran (GCC) 14.3.0 * running under: Windows Server 2022 x64 (build 20348) * using session charset: UTF-8 * checking for file 'INLAtools/DESCRIPTION' ... OK * checking extension type ... Package * this is package 'INLAtools' version '0.0.5' * package encoding: UTF-8 * checking CRAN incoming feasibility ... NOTE Maintainer: 'Elias Teixeira Krainski ' Possibly misspelled words in DESCRIPTION: cgeneric (20:45, 22:8, 25:8) contaning (25:37) struct (25:30) Suggests or Enhances not in mainstream repositories: INLA Availability using Additional_repositories specification: INLA yes https://inla.r-inla-download.org/R/testing ? ? https://inlabru-org.r-universe.dev * checking package namespace information ... OK * checking package dependencies ... OK * checking if this is a source package ... OK * checking if there is a namespace ... OK * checking for hidden files and directories ... OK * checking for portable file names ... OK * checking whether package 'INLAtools' can be installed ... OK * used C compiler: 'gcc.exe (GCC) 14.3.0' * checking installed package size ... OK * checking package directory ... OK * checking for future file timestamps ... OK * checking DESCRIPTION meta-information ... OK * checking top-level files ... OK * checking for left-over files ... OK * checking index information ... OK * checking package subdirectories ... OK * checking code files for non-ASCII characters ... OK * checking R files for syntax errors ... OK * checking whether the package can be loaded ... OK * checking whether the package can be loaded with stated dependencies ... OK * checking whether the package can be unloaded cleanly ... OK * checking whether the namespace can be loaded with stated dependencies ... OK * checking whether the namespace can be unloaded cleanly ... OK * checking loading without being on the library search path ... OK * checking use of S3 registration ... OK * checking dependencies in R code ... OK * checking S3 generic/method consistency ... OK * checking replacement functions ... OK * checking foreign function calls ... OK * checking R code for possible problems ... [10s] OK * checking Rd files ... OK * checking Rd metadata ... OK * checking Rd line widths ... OK * checking Rd cross-references ... OK * checking for missing documentation entries ... OK * checking for code/documentation mismatches ... OK * checking Rd \usage sections ... OK * checking Rd contents ... OK * checking for unstated dependencies in examples ... OK * checking line endings in C/C++/Fortran sources/headers ... OK * checking line endings in Makefiles ... OK * checking compilation flags in Makevars ... OK * checking for GNU extensions in Makefiles ... OK * checking for portable use of $(BLAS_LIBS) and $(LAPACK_LIBS) ... OK * checking use of PKG_*FLAGS in Makefiles ... OK * checking use of SHLIB_OPENMP_*FLAGS in Makefiles ... OK * checking pragmas in C/C++ headers and code ... OK * checking compilation flags used ... OK * checking compiled code ... OK * checking examples ... ERROR Running examples in 'INLAtools-Ex.R' failed The error most likely occurred in: > base::assign(".ptime", proc.time(), pos = "CheckExEnv") > ### Name: kronecker > ### Title: Kronecker (product) between 'cgeneric'/'rgeneric' models, > ### implemented as 'kronecker()' methods. > ### Aliases: kronecker kronecker,cgeneric,cgeneric-method > ### kronecker,cgeneric,rgeneric-method kronecker,rgeneric,cgeneric-method > ### kronecker,rgeneric,rgeneric-method > > ### ** Examples > > R <- Matrix(crossprod(diff(diag(4)))) > m1 <- cgeneric("generic0", R = R, param = c(1, NA), + scale = FALSE, useINLAprecomp = FALSE) Installed 'INLA' version is 24.2.9 but version >= 25-10-28 is required. > m2 <- cgeneric("iid", n = 3, param = c(1, 0.5), + useINLAprecomp = FALSE) Installed 'INLA' version is 24.2.9 but version >= 25-10-28 is required. > k21 <- kronecker(m2, m1, useINLAprecomp = FALSE) Installed 'INLA' version is 24.2.9 but version >= 25-10-28 is required. Error in UseMethod("bru_get_mapper", model) : no applicable method for 'bru_get_mapper' applied to an object of class "c('cgeneric', 'inla.cgeneric')" Calls: kronecker -> kronecker -> -> Execution halted * checking PDF version of manual ... [12s] OK * checking HTML version of manual ... OK * DONE Status: 1 ERROR, 1 NOTE