* using log directory 'd:/RCompile/CRANincoming/R-devel/INLAtools.Rcheck' * using R Under development (unstable) (2025-11-17 r89032 ucrt) * using platform: x86_64-w64-mingw32 * R was compiled by gcc.exe (GCC) 14.3.0 GNU Fortran (GCC) 14.3.0 * running under: Windows Server 2022 x64 (build 20348) * using session charset: UTF-8 * checking for file 'INLAtools/DESCRIPTION' ... OK * checking extension type ... Package * this is package 'INLAtools' version '0.0.5' * package encoding: UTF-8 * checking CRAN incoming feasibility ... NOTE Maintainer: 'Elias Teixeira Krainski ' Possibly misspelled words in DESCRIPTION: cgeneric (20:45, 22:8, 25:8) contaning (25:37) struct (25:30) Suggests or Enhances not in mainstream repositories: INLA Availability using Additional_repositories specification: INLA yes https://inla.r-inla-download.org/R/testing ? ? https://inlabru-org.r-universe.dev * checking package namespace information ... OK * checking package dependencies ... OK * checking if this is a source package ... OK * checking if there is a namespace ... OK * checking for hidden files and directories ... OK * checking for portable file names ... OK * checking whether package 'INLAtools' can be installed ... OK * used C compiler: 'gcc.exe (GCC) 14.3.0' * checking installed package size ... OK * checking package directory ... OK * checking for future file timestamps ... OK * checking DESCRIPTION meta-information ... OK * checking top-level files ... OK * checking for left-over files ... OK * checking index information ... OK * checking package subdirectories ... OK * checking code files for non-ASCII characters ... OK * checking R files for syntax errors ... OK * checking whether the package can be loaded ... OK * checking whether the package can be loaded with stated dependencies ... OK * checking whether the package can be unloaded cleanly ... OK * checking whether the namespace can be loaded with stated dependencies ... OK * checking whether the namespace can be unloaded cleanly ... OK * checking loading without being on the library search path ... OK * checking use of S3 registration ... OK * checking dependencies in R code ... OK * checking S3 generic/method consistency ... OK * checking replacement functions ... OK * checking foreign function calls ... OK * checking R code for possible problems ... OK * checking Rd files ... OK * checking Rd metadata ... OK * checking Rd line widths ... OK * checking Rd cross-references ... OK * checking for missing documentation entries ... OK * checking for code/documentation mismatches ... OK * checking Rd \usage sections ... OK * checking Rd contents ... OK * checking for unstated dependencies in examples ... OK * checking line endings in C/C++/Fortran sources/headers ... OK * checking line endings in Makefiles ... OK * checking compilation flags in Makevars ... OK * checking for GNU extensions in Makefiles ... OK * checking for portable use of $(BLAS_LIBS) and $(LAPACK_LIBS) ... OK * checking use of PKG_*FLAGS in Makefiles ... OK * checking use of SHLIB_OPENMP_*FLAGS in Makefiles ... OK * checking pragmas in C/C++ headers and code ... OK * checking compilation flags used ... OK * checking compiled code ... OK * checking examples ... ERROR Running examples in 'INLAtools-Ex.R' failed The error most likely occurred in: > base::assign(".ptime", proc.time(), pos = "CheckExEnv") > ### Name: cgeneric_generic0 > ### Title: Build an 'cgeneric' object for a 'generic0' model. See details. > ### Aliases: cgeneric_generic0 cgeneric_iid > > ### ** Examples > > ## structured precision matrix model definition > R <- Matrix(toeplitz(c(2,-1,0,0,0))) > R 5 x 5 Matrix of class "dsyMatrix" [,1] [,2] [,3] [,4] [,5] [1,] 2 -1 0 0 0 [2,] -1 2 -1 0 0 [3,] 0 -1 2 -1 0 [4,] 0 0 -1 2 -1 [5,] 0 0 0 -1 2 > mR <- cgeneric("generic0", R = R, + param = c(1, 0.05), scale = FALSE) Installed 'INLA' version is 24.2.9 but version >= 25-10-28 is required. Warning in normalizePath(path.expand(path), winslash, mustWork) : path[1]="D:/temp/2025_11_18_07_50_16_112/RtmpOMTa1z/RLIBS_13a802cc37683/INLA/bin/windows/64bit/external/graphpcor/libgraphpcor.so": Das System kann den angegebenen Pfad nicht finden > graph(mR) Error in cgeneric_get(model, "graph", optimize = optimize) : Failed to load shared library 'D:\temp\2025_11_18_07_50_16_112\RtmpOMTa1z\RLIBS_13a802cc37683\INLA\bin\windows\64bit\external\graphpcor\libgraphpcor.so': "D:\temp\2025_11_18_07_50_16_112\RtmpOMTa1z\RLIBS_13a802cc37683\INLA\bin\windows\64bit\external\graphpcor\libgraphpcor.so": Das angegebene Modul wurde nicht gefunden. Calls: graph -> graph.cgeneric -> cgeneric_get Execution halted * checking PDF version of manual ... [12s] OK * checking HTML version of manual ... OK * DONE Status: 1 ERROR, 1 NOTE