* using log directory 'd:/RCompile/CRANincoming/R-devel/IBclust.Rcheck' * using R Under development (unstable) (2025-09-18 r88857 ucrt) * using platform: x86_64-w64-mingw32 * R was compiled by gcc.exe (GCC) 14.2.0 GNU Fortran (GCC) 14.2.0 * running under: Windows Server 2022 x64 (build 20348) * using session charset: UTF-8 * checking for file 'IBclust/DESCRIPTION' ... OK * checking extension type ... Package * this is package 'IBclust' version '1.2.1' * package encoding: UTF-8 * checking CRAN incoming feasibility ... [11s] NOTE Maintainer: 'Angelos Markos ' Possibly misspelled words in DESCRIPTION: Schwab (23:47) Strouse (23:35) Found the following (possibly) invalid URLs: URL: https://github.com/amarkos/DIBclust (moved to https://github.com/amarkos/IBclust) From: inst/CITATION Status: 301 Message: Moved Permanently For content that is 'Moved Permanently', please change http to https, add trailing slashes, or replace the old by the new URL. * checking package namespace information ... OK * checking package dependencies ... INFO Package in Depends/Imports which should probably only be in LinkingTo: 'RcppEigen' * checking if this is a source package ... OK * checking if there is a namespace ... OK * checking for hidden files and directories ... OK * checking for portable file names ... OK * checking whether package 'IBclust' can be installed ... WARNING Found the following significant warnings: qt_x_step.cpp:80:10: warning: 'eT arma::Mat::max(arma::uword&) const [with eT = double; arma::uword = unsigned int]' is deprecated: use .index_max() instead [-Wdeprecated-declarations] See 'd:/RCompile/CRANincoming/R-devel/IBclust.Rcheck/00install.out' for details. * used C++ compiler: 'g++.exe (GCC) 14.2.0' * checking C++ specification ... OK * checking installed package size ... OK * checking package directory ... OK * checking for future file timestamps ... OK * checking DESCRIPTION meta-information ... OK * checking top-level files ... OK * checking for left-over files ... OK * checking index information ... OK * checking package subdirectories ... OK * checking code files for non-ASCII characters ... OK * checking R files for syntax errors ... OK * checking whether the package can be loaded ... OK * checking whether the package can be loaded with stated dependencies ... OK * checking whether the package can be unloaded cleanly ... OK * checking whether the namespace can be loaded with stated dependencies ... OK * checking whether the namespace can be unloaded cleanly ... OK * checking loading without being on the library search path ... OK * checking use of S3 registration ... OK * checking dependencies in R code ... OK * checking S3 generic/method consistency ... OK * checking replacement functions ... OK * checking foreign function calls ... OK * checking R code for possible problems ... [11s] OK * checking Rd files ... OK * checking Rd metadata ... OK * checking Rd line widths ... OK * checking Rd cross-references ... OK * checking for missing documentation entries ... OK * checking for code/documentation mismatches ... OK * checking Rd \usage sections ... OK * checking Rd contents ... OK * checking for unstated dependencies in examples ... OK * checking line endings in C/C++/Fortran sources/headers ... OK * checking use of PKG_*FLAGS in Makefiles ... OK * checking use of SHLIB_OPENMP_*FLAGS in Makefiles ... OK * checking pragmas in C/C++ headers and code ... OK * checking compilation flags used ... WARNING Compilation used the following non-portable flag(s): '-Wno-ignored-attributes' including flag(s) suppressing warnings * checking compiled code ... OK * checking examples ... [67s] NOTE Examples with CPU (user + system) or elapsed time > 10s user system elapsed IBmix 34.17 0.07 34.24 GIBmix 13.97 0.04 14.01 DIBmix 12.54 0.16 12.70 * checking PDF version of manual ... [13s] OK * checking HTML version of manual ... OK * DONE Status: 2 WARNINGs, 2 NOTEs