* using log directory 'd:/RCompile/CRANincoming/R-devel/GeoModels.Rcheck' * using R Under development (unstable) (2025-01-13 r87564 ucrt) * using platform: x86_64-w64-mingw32 * R was compiled by gcc.exe (GCC) 13.3.0 GNU Fortran (GCC) 13.3.0 * running under: Windows Server 2022 x64 (build 20348) * using session charset: UTF-8 * checking for file 'GeoModels/DESCRIPTION' ... OK * this is package 'GeoModels' version '2.1.0' * package encoding: UTF-8 * checking CRAN incoming feasibility ... OK * checking package namespace information ... OK * checking package dependencies ... OK * checking if this is a source package ... OK * checking if there is a namespace ... OK * checking for hidden files and directories ... OK * checking for portable file names ... OK * checking whether package 'GeoModels' can be installed ... ERROR Installation failed. See 'd:/RCompile/CRANincoming/R-devel/GeoModels.Rcheck/00install.out' for details. * DONE Status: 1 ERROR