* using log directory 'd:/RCompile/CRANincoming/R-devel/GE.Rcheck' * using R Under development (unstable) (2025-01-07 r87537 ucrt) * using platform: x86_64-w64-mingw32 * R was compiled by gcc.exe (GCC) 13.3.0 GNU Fortran (GCC) 13.3.0 * running under: Windows Server 2022 x64 (build 20348) * using session charset: UTF-8 * checking for file 'GE/DESCRIPTION' ... OK * checking extension type ... Package * this is package 'GE' version '0.4.6' * package encoding: UTF-8 * checking CRAN incoming feasibility ... [15s] NOTE Maintainer: 'LI Wu ' No Authors@R field in DESCRIPTION. Please add one, modifying Authors@R: person(given = "LI", family = "Wu", role = c("aut", "cre"), email = "liwu@staff.shu.edu.cn") as necessary. * checking package namespace information ... OK * checking package dependencies ... OK * checking if this is a source package ... OK * checking if there is a namespace ... OK * checking for hidden files and directories ... OK * checking for portable file names ... OK * checking serialization versions ... OK * checking whether package 'GE' can be installed ... OK * checking installed package size ... OK * checking package directory ... OK * checking for future file timestamps ... OK * checking DESCRIPTION meta-information ... OK * checking top-level files ... OK * checking for left-over files ... OK * checking index information ... OK * checking package subdirectories ... OK * checking code files for non-ASCII characters ... OK * checking R files for syntax errors ... OK * checking whether the package can be loaded ... OK * checking whether the package can be loaded with stated dependencies ... OK * checking whether the package can be unloaded cleanly ... OK * checking whether the namespace can be loaded with stated dependencies ... OK * checking whether the namespace can be unloaded cleanly ... OK * checking loading without being on the library search path ... OK * checking use of S3 registration ... OK * checking dependencies in R code ... OK * checking S3 generic/method consistency ... OK * checking replacement functions ... OK * checking foreign function calls ... NOTE Error: undefined exports: JS, JSEvals, appendContent, createWidget, getDependency, onRender, onStaticRenderComplete, prependContent, saveWidget, scaffoldWidget, setWidgetIdSeed, shinyRenderWidget, shinyWidgetOutput, sizingPolicy Call sequence: 7: stop(gettextf("undefined exports: %s", undef), domain = NA) 6: namespaceExport(ns, exports) 5: loadNamespace(i, c(lib.loc, .libPaths()), versionCheck = vI[[i]]) 4: namespaceImport(ns, loadNamespace(i, c(lib.loc, .libPaths()), versionCheck = vI[[i]]), from = package) 3: loadNamespace(i, c(lib.loc, .libPaths()), versionCheck = vI[[i]]) 2: namespaceImport(ns, loadNamespace(i, c(lib.loc, .libPaths()), versionCheck = vI[[i]]), from = package) 1: loadNamespace(package, lib.loc) Execution halted See chapter 'System and foreign language interfaces' in the 'Writing R Extensions' manual. * checking R code for possible problems ... [12s] NOTE Error in loadNamespace(i, c(lib.loc, .libPaths()), versionCheck = vI[[i]]) : there is no package called 'htmlwidgets' Calls: Execution halted * checking Rd files ... OK * checking Rd metadata ... OK * checking Rd line widths ... OK * checking Rd cross-references ... OK * checking for missing documentation entries ... WARNING Error: package or namespace load failed for 'GE' in loadNamespace(i, c(lib.loc, .libPaths()), versionCheck = vI[[i]]): there is no package called 'visNetwork' Call sequence: 6: stop(msg, call. = FALSE, domain = NA) 5: value[[3L]](cond) 4: tryCatchOne(expr, names, parentenv, handlers[[1L]]) 3: tryCatchList(expr, classes, parentenv, handlers) 2: tryCatch({ attr(package, "LibPath") <- which.lib.loc ns <- loadNamespace(package, lib.loc) env <- attachNamespace(ns, pos = pos, deps, exclude, include.only) }, error = function(e) { P <- if (!is.null(cc <- conditionCall(e))) paste(" in", deparse(cc)[1L]) else "" msg <- gettextf("package or namespace load failed for %s%s:\n %s", sQuote(package), P, conditionMessage(e)) if (logical.return && !quietly) message(paste("Error:", msg), domain = NA) else stop(msg, call. = FALSE, domain = NA) }) 1: library(package, lib.loc = lib.loc, character.only = TRUE, Execution halted All user-level objects in a package should have documentation entries. See chapter 'Writing R documentation files' in the 'Writing R Extensions' manual. * checking for code/documentation mismatches ... WARNING Error: package or namespace load failed for 'GE' in loadNamespace(i, c(lib.loc, .libPaths()), versionCheck = vI[[i]]): there is no package called 'visNetwork' Call sequence: 6: stop(msg, call. = FALSE, domain = NA) 5: value[[3L]](cond) 4: tryCatchOne(expr, names, parentenv, handlers[[1L]]) 3: tryCatchList(expr, classes, parentenv, handlers) 2: tryCatch({ attr(package, "LibPath") <- which.lib.loc ns <- loadNamespace(package, lib.loc) env <- attachNamespace(ns, pos = pos, deps, exclude, include.only) }, error = function(e) { P <- if (!is.null(cc <- conditionCall(e))) paste(" in", deparse(cc)[1L]) else "" msg <- gettextf("package or namespace load failed for %s%s:\n %s", sQuote(package), P, conditionMessage(e)) if (logical.return && !quietly) message(paste("Error:", msg), domain = NA) else stop(msg, call. = FALSE, domain = NA) }) 1: library(package, lib.loc = lib.loc, character.only = TRUE, Execution halted Error: package or namespace load failed for 'GE' in loadNamespace(i, c(lib.loc, .libPaths()), versionCheck = vI[[i]]): there is no package called 'visNetwork' Call sequence: 6: stop(msg, call. = FALSE, domain = NA) 5: value[[3L]](cond) 4: tryCatchOne(expr, names, parentenv, handlers[[1L]]) 3: tryCatchList(expr, classes, parentenv, handlers) 2: tryCatch({ attr(package, "LibPath") <- which.lib.loc ns <- loadNamespace(package, lib.loc) env <- attachNamespace(ns, pos = pos, deps, exclude, include.only) }, error = function(e) { P <- if (!is.null(cc <- conditionCall(e))) paste(" in", deparse(cc)[1L]) else "" msg <- gettextf("package or namespace load failed for %s%s:\n %s", sQuote(package), P, conditionMessage(e)) if (logical.return && !quietly) message(paste("Error:", msg), domain = NA) else stop(msg, call. = FALSE, domain = NA) }) 1: library(package, lib.loc = lib.loc, character.only = TRUE, Execution halted Error: package or namespace load failed for 'GE' in loadNamespace(i, c(lib.loc, .libPaths()), versionCheck = vI[[i]]): there is no package called 'visNetwork' Call sequence: 6: stop(msg, call. = FALSE, domain = NA) 5: value[[3L]](cond) 4: tryCatchOne(expr, names, parentenv, handlers[[1L]]) 3: tryCatchList(expr, classes, parentenv, handlers) 2: tryCatch({ attr(package, "LibPath") <- which.lib.loc ns <- loadNamespace(package, lib.loc) env <- attachNamespace(ns, pos = pos, deps, exclude, include.only) }, error = function(e) { P <- if (!is.null(cc <- conditionCall(e))) paste(" in", deparse(cc)[1L]) else "" msg <- gettextf("package or namespace load failed for %s%s:\n %s", sQuote(package), P, conditionMessage(e)) if (logical.return && !quietly) message(paste("Error:", msg), domain = NA) else stop(msg, call. = FALSE, domain = NA) }) 1: library(package, lib.loc = lib.loc, character.only = TRUE, Execution halted * checking Rd \usage sections ... NOTE Error: there is no package called 'visNetwork' Call sequence: 8: doWithOneRestart(return(expr), restart) 7: withOneRestart(expr, restarts[[1L]]) 6: withRestarts(stop(cond), retry_loadNamespace = function() NULL) 5: loadNamespace(i, c(lib.loc, .libPaths()), versionCheck = vI[[i]]) 4: namespaceImport(ns, loadNamespace(i, c(lib.loc, .libPaths()), versionCheck = vI[[i]]), from = package) 3: loadNamespace(i, c(lib.loc, .libPaths()), versionCheck = vI[[i]]) 2: namespaceImport(ns, loadNamespace(i, c(lib.loc, .libPaths()), versionCheck = vI[[i]]), from = package) 1: loadNamespace(package, lib.loc) Execution halted The \usage entries for S3 methods should use the \method markup and not their full name. See chapter 'Writing R documentation files' in the 'Writing R Extensions' manual. * checking Rd contents ... OK * checking for unstated dependencies in examples ... OK * checking examples ... [23s] OK * checking PDF version of manual ... [34s] OK * checking HTML version of manual ... [33s] OK * DONE Status: 2 WARNINGs, 4 NOTEs