* using log directory ‘/srv/hornik/tmp/CRAN_pretest/EvenBetterRegression.Rcheck’ * using R Under development (unstable) (2025-11-06 r88990) * using platform: x86_64-pc-linux-gnu * R was compiled by Debian clang version 19.1.7 (7) Debian flang-new version 19.1.7 (7) * running under: Debian GNU/Linux forky/sid * using session charset: UTF-8 * checking for file ‘EvenBetterRegression/DESCRIPTION’ ... OK * checking extension type ... Package * this is package ‘EvenBetterRegression’ version ‘1.0.3’ * package encoding: UTF-8 * checking CRAN incoming feasibility ... [3s/3s] NOTE Maintainer: ‘Peter Reiker ’ New submission Possibly misspelled words in DESCRIPTION: lm (14:46) The Description field should not start with the package name, 'This package' or similar. * checking package namespace information ... OK * checking package dependencies ... OK * checking if this is a source package ... OK * checking if there is a namespace ... OK * checking for executable files ... OK * checking for hidden files and directories ... OK * checking for portable file names ... OK * checking for sufficient/correct file permissions ... OK * checking serialization versions ... OK * checking whether package ‘EvenBetterRegression’ can be installed ... [1s/1s] OK * checking package directory ... OK * checking for future file timestamps ... OK * checking DESCRIPTION meta-information ... OK * checking top-level files ... OK * checking for left-over files ... OK * checking index information ... OK * checking package subdirectories ... OK * checking code files for non-ASCII characters ... OK * checking R files for syntax errors ... OK * checking whether the package can be loaded ... [0s/0s] OK * checking whether the package can be loaded with stated dependencies ... [0s/0s] OK * checking whether the package can be unloaded cleanly ... [0s/0s] OK * checking whether the namespace can be loaded with stated dependencies ... [0s/0s] OK * checking whether the namespace can be unloaded cleanly ... [0s/0s] OK * checking loading without being on the library search path ... [0s/0s] OK * checking use of S3 registration ... OK * checking dependencies in R code ... OK * checking S3 generic/method consistency ... OK * checking replacement functions ... OK * checking foreign function calls ... OK * checking R code for possible problems ... [2s/2s] OK * checking Rd files ... [0s/0s] OK * checking Rd metadata ... OK * checking Rd line widths ... OK * checking Rd cross-references ... OK * checking for missing documentation entries ... OK * checking for code/documentation mismatches ... OK * checking Rd \usage sections ... OK * checking Rd contents ... OK * checking for unstated dependencies in examples ... OK * checking examples ... [13m/13m] NOTE Examples with CPU (user + system) or elapsed time > 5s user system elapsed Even_Better_Regression 800.128 0.006 800.608 * checking for unstated dependencies in ‘tests’ ... OK * checking tests ... [30m/30m] ERROR Running ‘spelling.R’ [0s/0s] Running ‘testthat.R’ [30m/30m] Running the tests in ‘tests/testthat.R’ failed. Complete output: > # This file is part of the standard setup for testthat. > # It is recommended that you do not modify it. > # > # Where should you do additional test configuration? > # Learn more about the roles of various files in: > # * https://r-pkgs.org/testing-design.html#sec-tests-files-overview > # * https://testthat.r-lib.org/articles/special-files.html > > library(testthat) > library(EvenBetterRegression) > > test_check("EvenBetterRegression") [1] "Iteration 1 of 100:" [1] 0.9845359 [1] "Iteration 2 of 100:" [1] 0.9861421 [1] "Iteration 3 of 100:" [1] 0.9860619 [1] "Iteration 4 of 100:" [1] 0.9868146 [1] "Iteration 5 of 100:" [1] 0.9888208 [1] "Iteration 6 of 100:" [1] 0.9870869 [1] "Iteration 7 of 100:" [1] 0.9862675 [1] "Iteration 8 of 100:" [1] 0.9881357 [1] "Iteration 9 of 100:" [1] 0.9862144 [1] "Iteration 10 of 100:" [1] 0.9879672 [1] "Iteration 11 of 100:" [1] 0.9858828 [1] "Iteration 12 of 100:" [1] 0.9859161 [1] "Iteration 13 of 100:" [1] 0.9859206 [1] "Iteration 14 of 100:" [1] 0.987535 [1] "Iteration 15 of 100:" [1] 0.9861929 [1] "Iteration 16 of 100:" [1] 0.9854341 [1] "Iteration 17 of 100:" [1] 0.9862537 [1] "Iteration 18 of 100:" [1] 0.9870246 [1] "Iteration 19 of 100:" [1] 0.9867468 [1] "Iteration 20 of 100:" [1] 0.9873151 [1] "Iteration 21 of 100:" [1] 0.9833121 [1] "Iteration 22 of 100:" [1] 0.9850456 [1] "Iteration 23 of 100:" [1] 0.9848805 [1] "Iteration 24 of 100:" [1] 0.9877771 [1] "Iteration 25 of 100:" [1] 0.9881097 [1] "Iteration 26 of 100:" [1] 0.9863432 [1] "Iteration 27 of 100:" [1] 0.9862387 [1] "Iteration 28 of 100:" [1] 0.9888125 [1] "Iteration 29 of 100:" [1] 0.9853172 [1] "Iteration 30 of 100:" [1] 0.9862653 [1] "Iteration 31 of 100:" [1] 0.9860849 [1] "Iteration 32 of 100:" [1] 0.9885649 [1] "Iteration 33 of 100:" [1] 0.9842204 [1] "Iteration 34 of 100:" [1] 0.9866084 [1] "Iteration 35 of 100:" [1] 0.9873212 [1] "Iteration 36 of 100:" [1] 0.9852167 [1] "Iteration 37 of 100:" [1] 0.983798 [1] "Iteration 38 of 100:" [1] 0.9871739 [1] "Iteration 39 of 100:" [1] 0.9856547 [1] "Iteration 40 of 100:" [1] 0.9869959 [1] "Iteration 41 of 100:" [1] 0.9853575 [1] "Iteration 42 of 100:" [1] 0.9870319 [1] "Iteration 43 of 100:" [1] 0.9882285 [1] "Iteration 44 of 100:" [1] 0.9865868 [1] "Iteration 45 of 100:" [1] 0.9882771 [1] "Iteration 46 of 100:" [1] 0.9876342 [1] "Iteration 47 of 100:" [1] 0.9852854 [1] "Iteration 48 of 100:" [1] 0.985783 [1] "Iteration 49 of 100:" [1] 0.9855703 [1] "Iteration 50 of 100:" [1] 0.9861473 [1] "Iteration 51 of 100:" [1] 0.9861264 [1] "Iteration 52 of 100:" [1] 0.9880216 [1] "Iteration 53 of 100:" [1] 0.9872005 [1] "Iteration 54 of 100:" [1] 0.9847015 [1] "Iteration 55 of 100:" [1] 0.9869243 [1] "Iteration 56 of 100:" [1] 0.9845376 [1] "Iteration 57 of 100:" [1] 0.9879278 [1] "Iteration 58 of 100:" [1] 0.9875658 [1] "Iteration 59 of 100:" [1] 0.9869368 [1] "Iteration 60 of 100:" [1] 0.9853291 [1] "Iteration 61 of 100:" [1] 0.9833232 [1] "Iteration 62 of 100:" [1] 0.9878343 [1] "Iteration 63 of 100:" [1] 0.985606 [1] "Iteration 64 of 100:" [1] 0.987677 [1] "Iteration 65 of 100:" [1] 0.9877659 [1] "Iteration 66 of 100:" [1] 0.9880924 [1] "Iteration 67 of 100:" [1] 0.9853726 [1] "Iteration 68 of 100:" [1] 0.9865563 [1] "Iteration 69 of 100:" [1] 0.9871887 [1] "Iteration 70 of 100:" [1] 0.9863884 [1] "Iteration 71 of 100:" [1] 0.9850594 [1] "Iteration 72 of 100:" [1] 0.9850293 [1] "Iteration 73 of 100:" [1] 0.9858657 [1] "Iteration 74 of 100:" [1] 0.9854973 [1] "Iteration 75 of 100:" [1] 0.987652 [1] "Iteration 76 of 100:" [1] 0.988116 [1] "Iteration 77 of 100:" [1] 0.9856174 [1] "Iteration 78 of 100:" [1] 0.989017 [1] "Iteration 79 of 100:" [1] 0.9861879 [1] "Iteration 80 of 100:" [1] 0.9856318 [1] "Iteration 81 of 100:" [1] 0.9856061 [1] "Iteration 82 of 100:" [1] 0.9865911 [1] "Iteration 83 of 100:" [1] 0.9876492 [1] "Iteration 84 of 100:" [1] 0.9874796 [1] "Iteration 85 of 100:" [1] 0.9864231 [1] "Iteration 86 of 100:" [1] 0.9872737 [1] "Iteration 87 of 100:" [1] 0.9879733 [1] "Iteration 88 of 100:" [1] 0.9858735 [1] "Iteration 89 of 100:" [1] 0.9862329 [1] "Iteration 90 of 100:" [1] 0.9878933 [1] "Iteration 91 of 100:" [1] 0.9866711 [1] "Iteration 92 of 100:" [1] 0.9850331 [1] "Iteration 93 of 100:" [1] 0.9829459 [1] "Iteration 94 of 100:" [1] 0.9859909 [1] "Iteration 95 of 100:" [1] 0.9848219 [1] "Iteration 96 of 100:" [1] 0.9872035 [1] "Iteration 97 of 100:" [1] 0.9854408 [1] "Iteration 98 of 100:" [1] 0.9870575 [1] "Iteration 99 of 100:" [1] 0.9889397 [1] "Iteration 100 of 100:" [1] 0.9860546 [1] "Iteration 1 of 100:" [1] 0.5439636 [1] "Iteration 2 of 100:" [1] 0.5414134 [1] "Iteration 3 of 100:" [1] 0.5128682 [1] "Iteration 4 of 100:" [1] 0.4940559 [1] "Iteration 5 of 100:" [1] 0.5191408 [1] "Iteration 6 of 100:" [1] 0.5171086 [1] "Iteration 7 of 100:" [1] 0.5357446 [1] "Iteration 8 of 100:" [1] 0.5137535 [1] "Iteration 9 of 100:" [1] 0.5318773 [1] "Iteration 10 of 100:" [1] 0.5182059 [1] "Iteration 11 of 100:" [1] 0.5189117 [1] "Iteration 12 of 100:" [1] 0.5622197 [1] "Iteration 13 of 100:" [1] 0.4822822 [1] "Iteration 14 of 100:" [1] 0.5240819 [1] "Iteration 15 of 100:" [1] 0.5432488 [1] "Iteration 16 of 100:" [1] 0.5680571 [1] "Iteration 17 of 100:" [1] 0.4944612 [1] "Iteration 18 of 100:" [1] 0.5142569 [1] "Iteration 19 of 100:" [1] 0.5129626 [1] "Iteration 20 of 100:" [1] 0.5154233 [1] "Iteration 21 of 100:" [1] 0.5666567 [1] "Iteration 22 of 100:" [1] 0.5427499 [1] "Iteration 23 of 100:" [1] 0.5441289 [1] "Iteration 24 of 100:" [1] 0.5383578 [1] "Iteration 25 of 100:" [1] 0.4811368 [1] "Iteration 26 of 100:" [1] 0.4895154 [1] "Iteration 27 of 100:" [1] 0.5179459 [1] "Iteration 28 of 100:" [1] 0.5230751 [1] "Iteration 29 of 100:" [1] 0.5363618 [1] "Iteration 30 of 100:" [1] 0.5126399 [1] "Iteration 31 of 100:" [1] 0.5287749 [1] "Iteration 32 of 100:" [1] 0.5106684 [1] "Iteration 33 of 100:" [1] 0.5256464 [1] "Iteration 34 of 100:" [1] 0.5302032 [1] "Iteration 35 of 100:" [1] 0.5100433 [1] "Iteration 36 of 100:" [1] 0.5035579 [1] "Iteration 37 of 100:" [1] 0.5393818 [1] "Iteration 38 of 100:" [1] 0.4887724 [1] "Iteration 39 of 100:" [1] 0.5519078 [1] "Iteration 40 of 100:" [1] 0.5523502 [1] "Iteration 41 of 100:" [1] 0.5545553 [1] "Iteration 42 of 100:" [1] 0.5048158 [1] "Iteration 43 of 100:" [1] 0.5121963 [1] "Iteration 44 of 100:" [1] 0.5519078 [1] "Iteration 45 of 100:" [1] 0.5242747 [1] "Iteration 46 of 100:" [1] 0.5344921 [1] "Iteration 47 of 100:" [1] 0.5565263 [1] "Iteration 48 of 100:" [1] 0.5859091 [1] "Iteration 49 of 100:" [1] 0.552228 [1] "Iteration 50 of 100:" [1] 0.49793 [1] "Iteration 51 of 100:" [1] 0.5140472 [1] "Iteration 52 of 100:" [1] 0.5022679 [1] "Iteration 53 of 100:" [1] 0.574313 [1] "Iteration 54 of 100:" [1] 0.5335079 [1] "Iteration 55 of 100:" [1] 0.5737895 [1] "Iteration 56 of 100:" [1] 0.5212924 [1] "Iteration 57 of 100:" [1] 0.4961774 [1] "Iteration 58 of 100:" [1] 0.5181919 [1] "Iteration 59 of 100:" [1] 0.4848913 [1] "Iteration 60 of 100:" [1] 0.5382173 [1] "Iteration 61 of 100:" [1] 0.4994218 [1] "Iteration 62 of 100:" [1] 0.5210218 [1] "Iteration 63 of 100:" [1] 0.5473388 [1] "Iteration 64 of 100:" [1] 0.4932327 [1] "Iteration 65 of 100:" [1] 0.5348831 [1] "Iteration 66 of 100:" [1] 0.5384153 [1] "Iteration 67 of 100:" [1] 0.5581148 [1] "Iteration 68 of 100:" [1] 0.4636331 [1] "Iteration 69 of 100:" [1] 0.5085407 [1] "Iteration 70 of 100:" [1] 0.5462487 [1] "Iteration 71 of 100:" [1] 0.5403821 [1] "Iteration 72 of 100:" [1] 0.5363197 [1] "Iteration 73 of 100:" [1] 0.5042059 [1] "Iteration 74 of 100:" [1] 0.5099912 [1] "Iteration 75 of 100:" [1] 0.4805996 [1] "Iteration 76 of 100:" [1] 0.4984718 [1] "Iteration 77 of 100:" [1] 0.5520662 [1] "Iteration 78 of 100:" [1] 0.5490137 [1] "Iteration 79 of 100:" [1] 0.533944 [1] "Iteration 80 of 100:" [1] 0.4911963 [1] "Iteration 81 of 100:" [1] 0.5496761 [1] "Iteration 82 of 100:" [1] 0.5145003 [1] "Iteration 83 of 100:" [1] 0.5399673 [1] "Iteration 84 of 100:" [1] 0.5710959 [1] "Iteration 85 of 100:" [1] 0.5176066 [1] "Iteration 86 of 100:" [1] 0.4977588 [1] "Iteration 87 of 100:" [1] 0.5447686 [1] "Iteration 88 of 100:" [1] 0.5553316 [1] "Iteration 89 of 100:" [1] 0.5132817 [1] "Iteration 90 of 100:" [1] 0.5290642 [1] "Iteration 91 of 100:" [1] 0.538899 [1] "Iteration 92 of 100:" [1] 0.56082 [1] "Iteration 93 of 100:" [1] 0.4881186 [1] "Iteration 94 of 100:" [1] 0.5262868 [1] "Iteration 95 of 100:" [1] 0.5289671 [1] "Iteration 96 of 100:" [1] 0.5068697 [1] "Iteration 97 of 100:" [1] 0.5213677 [1] "Iteration 98 of 100:" [1] 0.5467978 [1] "Iteration 99 of 100:" [1] 0.5165888 [1] "Iteration 100 of 100:" [1] 0.5371904 [1] "Iteration 1 of 100:" [1] 0.9871234 [1] "Iteration 2 of 100:" [1] 0.9875223 [1] "Iteration 3 of 100:" [1] 0.98754 [1] "Iteration 4 of 100:" [1] 0.9872102 [1] "Iteration 5 of 100:" [1] 0.9857157 [1] "Iteration 6 of 100:" [1] 0.9871534 [1] "Iteration 7 of 100:" [1] 0.9885654 [1] "Iteration 8 of 100:" [1] 0.9865358 [1] "Iteration 9 of 100:" [1] 0.9877364 [1] "Iteration 10 of 100:" [1] 0.9865176 [1] "Iteration 11 of 100:" [1] 0.9853402 [1] "Iteration 12 of 100:" [1] 0.9868445 [1] "Iteration 13 of 100:" [1] 0.9878647 [1] "Iteration 14 of 100:" [1] 0.9854756 [1] "Iteration 15 of 100:" [1] 0.98777 [1] "Iteration 16 of 100:" [1] 0.9858565 [1] "Iteration 17 of 100:" [1] 0.9865556 [1] "Iteration 18 of 100:" [1] 0.9876726 [1] "Iteration 19 of 100:" [1] 0.9848518 [1] "Iteration 20 of 100:" [1] 0.9868868 [1] "Iteration 21 of 100:" [1] 0.9867531 [1] "Iteration 22 of 100:" [1] 0.9885723 [1] "Iteration 23 of 100:" [1] 0.986699 [1] "Iteration 24 of 100:" [1] 0.9869307 [1] "Iteration 25 of 100:" [1] 0.9861878 [1] "Iteration 26 of 100:" [1] 0.9849123 [1] "Iteration 27 of 100:" [1] 0.9860355 [1] "Iteration 28 of 100:" [1] 0.986126 [1] "Iteration 29 of 100:" [1] 0.987331 [1] "Iteration 30 of 100:" [1] 0.9877864 [1] "Iteration 31 of 100:" [1] 0.9873562 [1] "Iteration 32 of 100:" [1] 0.9877245 [1] "Iteration 33 of 100:" [1] 0.9863777 [1] "Iteration 34 of 100:" [1] 0.9875239 [1] "Iteration 35 of 100:" [1] 0.9880817 [1] "Iteration 36 of 100:" [1] 0.9866794 [1] "Iteration 37 of 100:" [1] 0.986108 [1] "Iteration 38 of 100:" [1] 0.9874023 [1] "Iteration 39 of 100:" [1] 0.9848107 [1] "Iteration 40 of 100:" [1] 0.9866673 [1] "Iteration 41 of 100:" [1] 0.98489 [1] "Iteration 42 of 100:" [1] 0.986985 [1] "Iteration 43 of 100:" [1] 0.9873821 [1] "Iteration 44 of 100:" [1] 0.9850806 [1] "Iteration 45 of 100:" [1] 0.9849076 [1] "Iteration 46 of 100:" [1] 0.9879818 [1] "Iteration 47 of 100:" [1] 0.9873225 [1] "Iteration 48 of 100:" [1] 0.9865338 [1] "Iteration 49 of 100:" [1] 0.9866407 [1] "Iteration 50 of 100:" [1] 0.9875235 [1] "Iteration 51 of 100:" [1] 0.9890885 [1] "Iteration 52 of 100:" [1] 0.9865576 [1] "Iteration 53 of 100:" [1] 0.9873175 [1] "Iteration 54 of 100:" [1] 0.9872386 [1] "Iteration 55 of 100:" [1] 0.9881911 [1] "Iteration 56 of 100:" [1] 0.9879906 [1] "Iteration 57 of 100:" [1] 0.9860971 [1] "Iteration 58 of 100:" [1] 0.9857533 [1] "Iteration 59 of 100:" [1] 0.9872237 [1] "Iteration 60 of 100:" [1] 0.987795 [1] "Iteration 61 of 100:" [1] 0.9876687 [1] "Iteration 62 of 100:" [1] 0.9845544 [1] "Iteration 63 of 100:" [1] 0.985672 [1] "Iteration 64 of 100:" [1] 0.9865736 [1] "Iteration 65 of 100:" [1] 0.9866284 [1] "Iteration 66 of 100:" [1] 0.9875997 [1] "Iteration 67 of 100:" [1] 0.9871824 [1] "Iteration 68 of 100:" [1] 0.9867225 [1] "Iteration 69 of 100:" [1] 0.9870393 [1] "Iteration 70 of 100:" [1] 0.9874054 [1] "Iteration 71 of 100:" [1] 0.9875889 [1] "Iteration 72 of 100:" [1] 0.9872175 [1] "Iteration 73 of 100:" [1] 0.987786 [1] "Iteration 74 of 100:" [1] 0.9857112 [1] "Iteration 75 of 100:" [1] 0.9862891 [1] "Iteration 76 of 100:" [1] 0.9873885 [1] "Iteration 77 of 100:" [1] 0.987868 [1] "Iteration 78 of 100:" [1] 0.9877593 [1] "Iteration 79 of 100:" [1] 0.9867393 [1] "Iteration 80 of 100:" [1] 0.9867197 [1] "Iteration 81 of 100:" [1] 0.985399 [1] "Iteration 82 of 100:" [1] 0.9870947 [1] "Iteration 83 of 100:" [1] 0.9873056 [1] "Iteration 84 of 100:" [1] 0.9851793 [1] "Iteration 85 of 100:" [1] 0.9874872 [1] "Iteration 86 of 100:" [1] 0.9862449 [1] "Iteration 87 of 100:" [1] 0.9846233 [1] "Iteration 88 of 100:" [1] 0.9862321 [1] "Iteration 89 of 100:" [1] 0.9880559 [1] "Iteration 90 of 100:" [1] 0.9885908 [1] "Iteration 91 of 100:" [1] 0.9872969 [1] "Iteration 92 of 100:" [1] 0.986903 [1] "Iteration 93 of 100:" [1] 0.9873817 [1] "Iteration 94 of 100:" [1] 0.9838409 [1] "Iteration 95 of 100:" [1] 0.9873085 [1] "Iteration 96 of 100:" [1] 0.9875455 [1] "Iteration 97 of 100:" [1] 0.9872826 [1] "Iteration 98 of 100:" [1] 0.9867369 [1] "Iteration 99 of 100:" [1] 0.9871989 [1] "Iteration 100 of 100:" [1] 0.9856789 [1] "Iteration 1 of 100:" [1] 0.9866213 [1] "Iteration 2 of 100:" [1] 0.9866336 [1] "Iteration 3 of 100:" [1] 0.986945 [1] "Iteration 4 of 100:" [1] 0.9873818 [1] "Iteration 5 of 100:" [1] 0.9852369 [1] "Iteration 6 of 100:" [1] 0.9862635 [1] "Iteration 7 of 100:" [1] 0.9861509 [1] "Iteration 8 of 100:" [1] 0.987604 [1] "Iteration 9 of 100:" [1] 0.9860972 [1] "Iteration 10 of 100:" [1] 0.9852639 [1] "Iteration 11 of 100:" [1] 0.9877856 [1] "Iteration 12 of 100:" [1] 0.9883439 [1] "Iteration 13 of 100:" [1] 0.9878442 [1] "Iteration 14 of 100:" [1] 0.9853885 [1] "Iteration 15 of 100:" [1] 0.9885223 [1] "Iteration 16 of 100:" [1] 0.9856373 [1] "Iteration 17 of 100:" [1] 0.9850577 [1] "Iteration 18 of 100:" [1] 0.9865426 [1] "Iteration 19 of 100:" [1] 0.9879589 [1] "Iteration 20 of 100:" [1] 0.9875194 [1] "Iteration 21 of 100:" [1] 0.9853332 [1] "Iteration 22 of 100:" [1] 0.9863004 [1] "Iteration 23 of 100:" [1] 0.9893052 [1] "Iteration 24 of 100:" [1] 0.986622 [1] "Iteration 25 of 100:" [1] 0.9857993 [1] "Iteration 26 of 100:" [1] 0.9858659 [1] "Iteration 27 of 100:" [1] 0.9850068 [1] "Iteration 28 of 100:" [1] 0.9879378 [1] "Iteration 29 of 100:" [1] 0.9846515 [1] "Iteration 30 of 100:" [1] 0.9858168 [1] "Iteration 31 of 100:" [1] 0.9851836 [1] "Iteration 32 of 100:" [1] 0.9855043 [1] "Iteration 33 of 100:" [1] 0.9874895 [1] "Iteration 34 of 100:" [1] 0.9871459 [1] "Iteration 35 of 100:" [1] 0.9876461 [1] "Iteration 36 of 100:" [1] 0.9852183 [1] "Iteration 37 of 100:" [1] 0.9884043 [1] "Iteration 38 of 100:" [1] 0.9852742 [1] "Iteration 39 of 100:" [1] 0.9875877 [1] "Iteration 40 of 100:" [1] 0.9878806 [1] "Iteration 41 of 100:" [1] 0.9877902 [1] "Iteration 42 of 100:" [1] 0.9878211 [1] "Iteration 43 of 100:" [1] 0.9850853 [1] "Iteration 44 of 100:" [1] 0.9883602 [1] "Iteration 45 of 100:" [1] 0.9854302 [1] "Iteration 46 of 100:" [1] 0.9871822 [1] "Iteration 47 of 100:" [1] 0.9849212 [1] "Iteration 48 of 100:" [1] 0.9878676 [1] "Iteration 49 of 100:" [1] 0.987478 [1] "Iteration 50 of 100:" [1] 0.9854084 [1] "Iteration 51 of 100:" [1] 0.9880439 [1] "Iteration 52 of 100:" [1] 0.9873727 [1] "Iteration 53 of 100:" [1] 0.9854882 [1] "Iteration 54 of 100:" [1] 0.9885224 [1] "Iteration 55 of 100:" [1] 0.9861052 [1] "Iteration 56 of 100:" [1] 0.9855971 [1] "Iteration 57 of 100:" [1] 0.9849414 [1] "Iteration 58 of 100:" [1] 0.9891868 [1] "Iteration 59 of 100:" [1] 0.9861884 [1] "Iteration 60 of 100:" [1] 0.9855771 [1] "Iteration 61 of 100:" [1] 0.9881471 [1] "Iteration 62 of 100:" [1] 0.9877353 [1] "Iteration 63 of 100:" [1] 0.9866818 [1] "Iteration 64 of 100:" [1] 0.9878908 [1] "Iteration 65 of 100:" [1] 0.9863538 [1] "Iteration 66 of 100:" [1] 0.9853548 [1] "Iteration 67 of 100:" [1] 0.9867466 [1] "Iteration 68 of 100:" [1] 0.986052 [1] "Iteration 69 of 100:" [1] 0.9861626 [1] "Iteration 70 of 100:" [1] 0.9871552 [1] "Iteration 71 of 100:" [1] 0.988117 [1] "Iteration 72 of 100:" [1] 0.9877529 [1] "Iteration 73 of 100:" [1] 0.9883442 [1] "Iteration 74 of 100:" [1] 0.9870712 [1] "Iteration 75 of 100:" [1] 0.9880601 [1] "Iteration 76 of 100:" [1] 0.98524 [1] "Iteration 77 of 100:" [1] 0.985559 [1] "Iteration 78 of 100:" [1] 0.9880572 [1] "Iteration 79 of 100:" [1] 0.9874292 [1] "Iteration 80 of 100:" [1] 0.9867367 [1] "Iteration 81 of 100:" [1] 0.9874914 [1] "Iteration 82 of 100:" [1] 0.987181 [1] "Iteration 83 of 100:" [1] 0.9868981 [1] "Iteration 84 of 100:" [1] 0.986304 [1] "Iteration 85 of 100:" [1] 0.9877485 [1] "Iteration 86 of 100:" [1] 0.9860613 [1] "Iteration 87 of 100:" [1] 0.9883648 [1] "Iteration 88 of 100:" [1] 0.9852901 [1] "Iteration 89 of 100:" [1] 0.985206 [1] "Iteration 90 of 100:" [1] 0.9874871 [1] "Iteration 91 of 100:" [1] 0.9857022 [1] "Iteration 92 of 100:" [1] 0.9880463 [1] "Iteration 93 of 100:" [1] 0.9877289 [1] "Iteration 94 of 100:" [1] 0.9860507 [1] "Iteration 95 of 100:" [1] 0.9852778 [1] "Iteration 96 of 100:" [1] 0.9873565 [1] "Iteration 97 of 100:" [1] 0.9866945 [1] "Iteration 98 of 100:" [1] 0.9888683 [1] "Iteration 99 of 100:" [1] 0.9881765 [1] "Iteration 100 of 100:" [1] 0.986334 [1] "Iteration 1 of 100:" [1] 0.5522091 [1] "Iteration 2 of 100:" [1] 0.5161692 [1] "Iteration 3 of 100:" [1] 0.520095 [1] "Iteration 4 of 100:" [1] 0.5678989 [1] "Iteration 5 of 100:" [1] 0.5431019 [1] "Iteration 6 of 100:" [1] 0.5274435 [1] "Iteration 7 of 100:" [1] 0.4865846 [1] "Iteration 8 of 100:" [1] 0.4861073 [1] "Iteration 9 of 100:" [1] 0.4891822 [1] "Iteration 10 of 100:" [1] 0.5019855 [1] "Iteration 11 of 100:" [1] 0.5108617 [1] "Iteration 12 of 100:" [1] 0.5369073 [1] "Iteration 13 of 100:" [1] 0.5447415 [1] "Iteration 14 of 100:" [1] 0.5254657 [1] "Iteration 15 of 100:" [1] 0.5014537 [1] "Iteration 16 of 100:" [1] 0.5373146 [1] "Iteration 17 of 100:" [1] 0.518693 [1] "Iteration 18 of 100:" [1] 0.5299283 [1] "Iteration 19 of 100:" [1] 0.5564394 [1] "Iteration 20 of 100:" [1] 0.5303163 [1] "Iteration 21 of 100:" [1] 0.5469156 [1] "Iteration 22 of 100:" [1] 0.4934748 [1] "Iteration 23 of 100:" [1] 0.5039584 [1] "Iteration 24 of 100:" [1] 0.5066015 [1] "Iteration 25 of 100:" [1] 0.5409264 [1] "Iteration 26 of 100:" [1] 0.5458765 [1] "Iteration 27 of 100:" [1] 0.6042908 [1] "Iteration 28 of 100:" [1] 0.5212626 [1] "Iteration 29 of 100:" [1] 0.5746612 [1] "Iteration 30 of 100:" [1] 0.5099806 [1] "Iteration 31 of 100:" [1] 0.5254015 [1] "Iteration 32 of 100:" [1] 0.5437173 [1] "Iteration 33 of 100:" [1] 0.5153288 [1] "Iteration 34 of 100:" [1] 0.5529765 [1] "Iteration 35 of 100:" [1] 0.5192923 [1] "Iteration 36 of 100:" [1] 0.5661648 [1] "Iteration 37 of 100:" [1] 0.527511 [1] "Iteration 38 of 100:" [1] 0.5136923 [1] "Iteration 39 of 100:" [1] 0.5106672 [1] "Iteration 40 of 100:" [1] 0.509435 [1] "Iteration 41 of 100:" [1] 0.5553223 [1] "Iteration 42 of 100:" [1] 0.5412165 [1] "Iteration 43 of 100:" [1] 0.4981892 [1] "Iteration 44 of 100:" [1] 0.5467953 [1] "Iteration 45 of 100:" [1] 0.5280522 [1] "Iteration 46 of 100:" [1] 0.5080973 [1] "Iteration 47 of 100:" [1] 0.5515063 [1] "Iteration 48 of 100:" [1] 0.5321166 [1] "Iteration 49 of 100:" [1] 0.5080937 [1] "Iteration 50 of 100:" [1] 0.5304416 [1] "Iteration 51 of 100:" [1] 0.5146612 [1] "Iteration 52 of 100:" [1] 0.4954784 [1] "Iteration 53 of 100:" [1] 0.5177417 [1] "Iteration 54 of 100:" [1] 0.5146828 [1] "Iteration 55 of 100:" [1] 0.5532524 [1] "Iteration 56 of 100:" [1] 0.5362684 [1] "Iteration 57 of 100:" [1] 0.5182413 [1] "Iteration 58 of 100:" [1] 0.5262856 [1] "Iteration 59 of 100:" [1] 0.5281695 [1] "Iteration 60 of 100:" [1] 0.5207217 [1] "Iteration 61 of 100:" [1] 0.5706862 [1] "Iteration 62 of 100:" [1] 0.5194089 [1] "Iteration 63 of 100:" [1] 0.558652 [1] "Iteration 64 of 100:" [1] 0.5134659 [1] "Iteration 65 of 100:" [1] 0.5164738 [1] "Iteration 66 of 100:" [1] 0.5312663 [1] "Iteration 67 of 100:" [1] 0.4924388 [1] "Iteration 68 of 100:" [1] 0.5104907 [1] "Iteration 69 of 100:" [1] 0.5563143 [1] "Iteration 70 of 100:" [1] 0.5177709 [1] "Iteration 71 of 100:" [1] 0.5270745 [1] "Iteration 72 of 100:" [1] 0.5033061 [1] "Iteration 73 of 100:" [1] 0.5234205 [1] "Iteration 74 of 100:" [1] 0.5371912 [1] "Iteration 75 of 100:" [1] 0.5246381 [1] "Iteration 76 of 100:" [1] 0.5072484 [1] "Iteration 77 of 100:" [1] 0.5196946 [1] "Iteration 78 of 100:" [1] 0.526319 [1] "Iteration 79 of 100:" [1] 0.5372154 [1] "Iteration 80 of 100:" [1] 0.5010831 [1] "Iteration 81 of 100:" [1] 0.5614625 [1] "Iteration 82 of 100:" [1] 0.5030459 [1] "Iteration 83 of 100:" [1] 0.5156304 [1] "Iteration 84 of 100:" [1] 0.5047562 [1] "Iteration 85 of 100:" [1] 0.5234303 [1] "Iteration 86 of 100:" [1] 0.5306472 [1] "Iteration 87 of 100:" [1] 0.5374889 [1] "Iteration 88 of 100:" [1] 0.5036842 [1] "Iteration 89 of 100:" [1] 0.5303286 [1] "Iteration 90 of 100:" [1] 0.4840091 [1] "Iteration 91 of 100:" [1] 0.5451904 [1] "Iteration 92 of 100:" [1] 0.5159133 [1] "Iteration 93 of 100:" [1] 0.5369028 [1] "Iteration 94 of 100:" [1] 0.5173336 [1] "Iteration 95 of 100:" [1] 0.551021 [1] "Iteration 96 of 100:" [1] 0.5262025 [1] "Iteration 97 of 100:" [1] 0.4967298 [1] "Iteration 98 of 100:" [1] 0.5305129 [1] "Iteration 99 of 100:" [1] 0.5067338 [1] "Iteration 100 of 100:" [1] 0.4919944 [1] "Iteration 1 of 100:" [1] 0.9864459 [1] "Iteration 2 of 100:" [1] 0.9866713 [1] "Iteration 3 of 100:" [1] 0.9858048 [1] "Iteration 4 of 100:" [1] 0.987608 [1] "Iteration 5 of 100:" [1] 0.9874547 [1] "Iteration 6 of 100:" [1] 0.9856455 [1] "Iteration 7 of 100:" [1] 0.9874219 [1] "Iteration 8 of 100:" [1] 0.9883857 [1] "Iteration 9 of 100:" [1] 0.9873865 [1] "Iteration 10 of 100:" [1] 0.9884103 [1] "Iteration 11 of 100:" [1] 0.987592 [1] "Iteration 12 of 100:" [1] 0.9855264 [1] "Iteration 13 of 100:" [1] 0.9858731 [1] "Iteration 14 of 100:" [1] 0.984789 [1] "Iteration 15 of 100:" [1] 0.9884438 [1] "Iteration 16 of 100:" [1] 0.9871555 [1] "Iteration 17 of 100:" [1] 0.9877066 [1] "Iteration 18 of 100:" [1] 0.9882196 [1] "Iteration 19 of 100:" [1] 0.987464 [1] "Iteration 20 of 100:" [1] 0.9858807 [1] "Iteration 21 of 100:" [1] 0.9847817 [1] "Iteration 22 of 100:" [1] 0.985543 [1] "Iteration 23 of 100:" [1] 0.9879581 [1] "Iteration 24 of 100:" [1] 0.9863609 [1] "Iteration 25 of 100:" [1] 0.9864749 [1] "Iteration 26 of 100:" [1] 0.98796 [1] "Iteration 27 of 100:" [1] 0.9865972 [1] "Iteration 28 of 100:" [1] 0.9868173 [1] "Iteration 29 of 100:" [1] 0.987422 [1] "Iteration 30 of 100:" [1] 0.9873868 [1] "Iteration 31 of 100:" [1] 0.9866919 [1] "Iteration 32 of 100:" [1] 0.9859964 [1] "Iteration 33 of 100:" [1] 0.9856596 [1] "Iteration 34 of 100:" [1] 0.9877588 [1] "Iteration 35 of 100:" [1] 0.9854312 [1] "Iteration 36 of 100:" [1] 0.9865685 [1] "Iteration 37 of 100:" [1] 0.9859304 [1] "Iteration 38 of 100:" [1] 0.9875382 [1] "Iteration 39 of 100:" [1] 0.987712 [1] "Iteration 40 of 100:" [1] 0.9855604 [1] "Iteration 41 of 100:" [1] 0.9860111 [1] "Iteration 42 of 100:" [1] 0.9858084 [1] "Iteration 43 of 100:" [1] 0.9856136 [1] "Iteration 44 of 100:" [1] 0.9885005 [1] "Iteration 45 of 100:" [1] 0.9877615 [1] "Iteration 46 of 100:" [1] 0.9807214 [1] "Iteration 47 of 100:" [1] 0.9876192 [1] "Iteration 48 of 100:" [1] 0.9859239 [1] "Iteration 49 of 100:" [1] 0.984963 [1] "Iteration 50 of 100:" [1] 0.9872057 [1] "Iteration 51 of 100:" [1] 0.9858789 [1] "Iteration 52 of 100:" [1] 0.9876745 [1] "Iteration 53 of 100:" [1] 0.9857769 [1] "Iteration 54 of 100:" [1] 0.9855789 [1] "Iteration 55 of 100:" [1] 0.9868809 [1] "Iteration 56 of 100:" [1] 0.986816 [1] "Iteration 57 of 100:" [1] 0.9865267 [1] "Iteration 58 of 100:" [1] 0.9876756 [1] "Iteration 59 of 100:" [1] 0.9865637 [1] "Iteration 60 of 100:" [1] 0.9873784 [1] "Iteration 61 of 100:" [1] 0.9857369 [1] "Iteration 62 of 100:" [1] 0.9878726 [1] "Iteration 63 of 100:" [1] 0.986272 [1] "Iteration 64 of 100:" [1] 0.9868929 [1] "Iteration 65 of 100:" [1] 0.9856211 [1] "Iteration 66 of 100:" [1] 0.987021 [1] "Iteration 67 of 100:" [1] 0.9887446 [1] "Iteration 68 of 100:" [1] 0.9856404 [1] "Iteration 69 of 100:" [1] 0.9879399 [1] "Iteration 70 of 100:" [1] 0.9877087 [1] "Iteration 71 of 100:" [1] 0.9866967 [1] "Iteration 72 of 100:" [1] 0.9876095 [1] "Iteration 73 of 100:" [1] 0.9873232 [1] "Iteration 74 of 100:" [1] 0.9873903 [1] "Iteration 75 of 100:" [1] 0.9860178 [1] "Iteration 76 of 100:" [1] 0.9876909 [1] "Iteration 77 of 100:" [1] 0.9856249 [1] "Iteration 78 of 100:" [1] 0.9870174 [1] "Iteration 79 of 100:" [1] 0.9861185 [1] "Iteration 80 of 100:" [1] 0.9875451 [1] "Iteration 81 of 100:" [1] 0.9851611 [1] "Iteration 82 of 100:" [1] 0.9871031 [1] "Iteration 83 of 100:" [1] 0.9863023 [1] "Iteration 84 of 100:" [1] 0.9874925 [1] "Iteration 85 of 100:" [1] 0.9845213 [1] "Iteration 86 of 100:" [1] 0.9863732 [1] "Iteration 87 of 100:" [1] 0.9878616 [1] "Iteration 88 of 100:" [1] 0.9878377 [1] "Iteration 89 of 100:" [1] 0.9872647 [1] "Iteration 90 of 100:" [1] 0.9847031 [1] "Iteration 91 of 100:" [1] 0.9864188 [1] "Iteration 92 of 100:" [1] 0.9877191 [1] "Iteration 93 of 100:" [1] 0.9853726 [1] "Iteration 94 of 100:" [1] 0.984413 [1] "Iteration 95 of 100:" [1] 0.9875074 [1] "Iteration 96 of 100:" [1] 0.9852296 [1] "Iteration 97 of 100:" [1] 0.9854072 [1] "Iteration 98 of 100:" [1] 0.9870169 [1] "Iteration 99 of 100:" [1] 0.988358 [1] "Iteration 100 of 100:" [1] 0.9876928 [1] "Iteration 1 of 100:" [1] 0.9847216 [1] "Iteration 2 of 100:" [1] 0.9858363 [1] "Iteration 3 of 100:" [1] 0.9881479 [1] "Iteration 4 of 100:" [1] 0.9880864 [1] "Iteration 5 of 100:" [1] 0.9882273 Execution halted * checking PDF version of manual ... [3s/3s] OK * checking HTML version of manual ... [0s/0s] OK * checking for non-standard things in the check directory ... OK * checking for detritus in the temp directory ... OK * DONE Status: 1 ERROR, 2 NOTEs