* using log directory ‘/srv/hornik/tmp/CRAN_pretest/ETAS.Rcheck’ * using R Under development (unstable) (2025-10-22 r88967) * using platform: x86_64-pc-linux-gnu * R was compiled by Debian clang version 19.1.7 (7) Debian flang-new version 19.1.7 (7) * running under: Debian GNU/Linux forky/sid * using session charset: UTF-8 * checking for file ‘ETAS/DESCRIPTION’ ... OK * checking extension type ... Package * this is package ‘ETAS’ version ‘0.7.2’ * checking CRAN incoming feasibility ... [5s/126s] NOTE Maintainer: ‘Abdollah Jalilian ’ Found the following (possibly) invalid URLs: URL: http://isc-mirror.iris.washington.edu From: man/search.isc.Rd Status: Error Message: Timeout was reached [isc-mirror.iris.washington.edu]: Connection timed out after 60002 milliseconds URL: http://www.gnu.org/licenses/gpl-2.0.html From: README.md Status: Error Message: Timeout was reached [www.gnu.org]: Connection timed out after 60014 milliseconds URL: http://www.isc.ac.uk From: man/search.isc.Rd Status: Error Message: Timeout was reached [www.isc.ac.uk]: Connection timed out after 60013 milliseconds URL: http://www.isc.ac.uk/citations/ From: man/search.isc.Rd Status: Error Message: Timeout was reached [www.isc.ac.uk]: Operation timed out after 60013 milliseconds with 0 bytes received * checking package namespace information ... OK * checking package dependencies ... OK * checking if this is a source package ... OK * checking if there is a namespace ... OK * checking for executable files ... OK * checking for hidden files and directories ... OK * checking for portable file names ... OK * checking for sufficient/correct file permissions ... OK * checking whether package ‘ETAS’ can be installed ... [13s/13s] ERROR Installation failed. See ‘/srv/hornik/tmp/CRAN_pretest/ETAS.Rcheck/00install.out’ for details. * DONE Status: 1 ERROR, 1 NOTE