* using log directory 'd:/RCompile/CRANincoming/R-devel/Docovt.Rcheck' * using R Under development (unstable) (2025-06-27 r88363 ucrt) * using platform: x86_64-w64-mingw32 * R was compiled by gcc.exe (GCC) 14.2.0 GNU Fortran (GCC) 14.2.0 * running under: Windows Server 2022 x64 (build 20348) * using session charset: UTF-8 * checking for file 'Docovt/DESCRIPTION' ... OK * this is package 'Docovt' version '0.1' * package encoding: UTF-8 * checking CRAN incoming feasibility ... [11s] WARNING Maintainer: 'Guangbao Guo ' Insufficient package version (submitted: 0.1, existing: 0.1) Possibly misspelled words in DESCRIPTION: Docovt (9:351, 9:727) ae (9:348, 9:724) The Date field is over a month old. * checking package namespace information ... OK * checking package dependencies ... OK * checking if this is a source package ... OK * checking if there is a namespace ... OK * checking for hidden files and directories ... OK * checking for portable file names ... OK * checking whether package 'Docovt' can be installed ... WARNING Found the following significant warnings: Warning: file 'CLX.R' is invalid UTF-8 Warning: file 'LC.R' is invalid UTF-8 Warning: file 'PEC.R' is invalid UTF-8 Warning: file 'PECO.R' is invalid UTF-8 Warning: file 'PEF.R' is invalid UTF-8 Warning: invalidly encoded .R file(s) Warning: invalid UTF-8 in file 'D:/temp/2025_06_29_08_40_17_8682/RtmpoZvQIg/R.INSTALLf2cc789c469f/Docovt/man/LC.Rd' Warning: invalid UTF-8 in file 'D:/temp/2025_06_29_08_40_17_8682/RtmpoZvQIg/R.INSTALLf2cc789c469f/Docovt/man/PECO.Rd' See 'd:/RCompile/CRANincoming/R-devel/Docovt.Rcheck/00install.out' for details. * checking installed package size ... OK * checking package directory ... OK * checking for future file timestamps ... OK * checking DESCRIPTION meta-information ... OK * checking top-level files ... OK * checking for left-over files ... OK * checking index information ... OK * checking package subdirectories ... OK * checking code files for non-ASCII characters ... OK * checking R files for syntax errors ... OK * checking whether the package can be loaded ... OK * checking whether the package can be loaded with stated dependencies ... OK * checking whether the package can be unloaded cleanly ... OK * checking whether the namespace can be loaded with stated dependencies ... OK * checking whether the namespace can be unloaded cleanly ... OK * checking loading without being on the library search path ... OK * checking use of S3 registration ... OK * checking dependencies in R code ... OK * checking S3 generic/method consistency ... OK * checking replacement functions ... OK * checking foreign function calls ... OK * checking R code for possible problems ... OK * checking Rd files ... WARNING Warning in grepl("^[[:space:]]*$", block) : unable to translate 'Li, J. and Chen, S. X. (2012). Two sample tests for high-dimensional covariance matrices. The Annals of Statistics, 40(2):908C940. ' to a wide string Warning in grepl("^[[:space:]]*$", block) : input string 1 is invalid Warning in grepl(pat, block) : unable to translate 'Li, J. and Chen, S. X. (2012). Two sample tests for high-dimensional covariance matrices. The Annals of Statistics, 40(2):908C940. ' to a wide string Warning in grepl(pat, block) : input string 1 is invalid prepare_Rd: invalid UTF-8 in file './man/LC.Rd' Warning in grepl("^[[:space:]]*$", block) : unable to translate 'Yu, X., Li, D., Xue, L., and Li, R. (2022). Power-enhanced simultaneous test of high-dimensional mean vectors and covariance matrices with application to gene-set testing. Journal of the American Statistical Association, (in press):1C14.' to a wide string Warning in grepl("^[[:space:]]*$", block) : input string 1 is invalid Warning in grepl(pat, block) : unable to translate 'Yu, X., Li, D., Xue, L., and Li, R. (2022). Power-enhanced simultaneous test of high-dimensional mean vectors and covariance matrices with application to gene-set testing. Journal of the American Statistical Association, (in press):1C14.' to a wide string Warning in grepl(pat, block) : input string 1 is invalid prepare_Rd: invalid UTF-8 in file './man/PECO.Rd' * checking Rd metadata ... OK * checking Rd line widths ... OK * checking Rd cross-references ... OK * checking for missing documentation entries ... OK * checking for code/documentation mismatches ... OK * checking Rd \usage sections ... OK * checking Rd contents ... NOTE Warning in gsub("[[:space:]]+", " ", s) : unable to translate ' Li, J. and Chen, S. X. (2012). Two sample tests for high-dimensional covariance matrices. The Annals of Statistics, 40(2):908C940. ' to a wide string Error in gsub("[[:space:]]+", " ", s) : input string 1 is invalid Calls: ... .Rd_get_offending_autogenerated_content -> grepl -> is.factor -> gsub Execution halted * checking for unstated dependencies in examples ... OK * checking examples ... OK * checking PDF version of manual ... ERROR Rd conversion errors: Converting parsed Rd's to LaTeX Error in gsub(pattern, replacement, x, fixed = TRUE) : input string 1 is invalid UTF-8 * checking HTML version of manual ... NOTE Encountered the following conversion/validation errors: input string 1 is invalid UTF-8 input string 1 is invalid UTF-8 * DONE Status: 1 ERROR, 3 WARNINGs, 2 NOTEs