* using log directory ‘/srv/hornik/tmp/CRAN_pretest/Docovt.Rcheck’ * using R Under development (unstable) (2025-06-27 r88363) * using platform: x86_64-pc-linux-gnu * R was compiled by Debian clang version 19.1.7 (3) Debian flang-new version 19.1.7 (3) * running under: Debian GNU/Linux 13 (trixie) * using session charset: UTF-8 * checking for file ‘Docovt/DESCRIPTION’ ... OK * this is package ‘Docovt’ version ‘0.1’ * package encoding: UTF-8 * checking CRAN incoming feasibility ... [4s/4s] WARNING Maintainer: ‘Guangbao Guo ’ Insufficient package version (submitted: 0.1, existing: 0.1) Possibly misspelled words in DESCRIPTION: Docovt (9:351, 9:727) ae (9:348, 9:724) Reading Rd files failed with message: invalid UTF-8 in file ‘/srv/hornik/tmp/CRAN_pretest/Docovt.Rcheck/00_pkg_src/Docovt/man/LC.Rd’ Checking DOIs failed with message: invalid UTF-8 in file ‘/srv/hornik/tmp/CRAN_pretest/Docovt.Rcheck/00_pkg_src/Docovt/man/LC.Rd’ The Date field is over a month old. * checking package namespace information ... OK * checking package dependencies ... OK * checking if this is a source package ... OK * checking if there is a namespace ... OK * checking for executable files ... OK * checking for hidden files and directories ... OK * checking for portable file names ... OK * checking for sufficient/correct file permissions ... OK * checking whether package ‘Docovt’ can be installed ... [0s/0s] ERROR Installation failed. See ‘/srv/hornik/tmp/CRAN_pretest/Docovt.Rcheck/00install.out’ for details. * DONE Status: 1 ERROR, 1 WARNING