* using log directory 'd:/RCompile/CRANincoming/R-devel/CvmortalityMult.Rcheck' * using R Under development (unstable) (2025-11-26 r89066 ucrt) * using platform: x86_64-w64-mingw32 * R was compiled by gcc.exe (GCC) 14.3.0 GNU Fortran (GCC) 14.3.0 * running under: Windows Server 2022 x64 (build 20348) * using session charset: UTF-8 * checking for file 'CvmortalityMult/DESCRIPTION' ... OK * checking extension type ... Package * this is package 'CvmortalityMult' version '1.1.1' * package encoding: UTF-8 * checking CRAN incoming feasibility ... OK * checking package namespace information ... OK * checking package dependencies ... OK * checking if this is a source package ... OK * checking if there is a namespace ... OK * checking for hidden files and directories ... OK * checking for portable file names ... OK * checking whether package 'CvmortalityMult' can be installed ... OK * checking installed package size ... OK * checking package directory ... OK * checking for future file timestamps ... OK * checking DESCRIPTION meta-information ... OK * checking top-level files ... OK * checking for left-over files ... OK * checking index information ... OK * checking package subdirectories ... OK * checking code files for non-ASCII characters ... OK * checking R files for syntax errors ... OK * checking whether the package can be loaded ... OK * checking whether the package can be loaded with stated dependencies ... OK * checking whether the package can be unloaded cleanly ... OK * checking whether the namespace can be loaded with stated dependencies ... OK * checking whether the namespace can be unloaded cleanly ... OK * checking loading without being on the library search path ... OK * checking use of S3 registration ... OK * checking dependencies in R code ... OK * checking S3 generic/method consistency ... OK * checking replacement functions ... OK * checking foreign function calls ... OK * checking R code for possible problems ... [47s] OK * checking Rd files ... OK * checking Rd metadata ... OK * checking Rd line widths ... OK * checking Rd cross-references ... OK * checking for missing documentation entries ... OK * checking for code/documentation mismatches ... OK * checking Rd \usage sections ... OK * checking Rd contents ... OK * checking for unstated dependencies in examples ... OK * checking contents of 'data' directory ... OK * checking data for non-ASCII characters ... OK * checking LazyData ... OK * checking data for ASCII and uncompressed saves ... OK * checking examples ... [12s] OK * checking for unstated dependencies in 'tests' ... OK * checking tests ... [10s] OK Running 'testthat.R' [10s] * checking PDF version of manual ... WARNING LaTeX errors when creating PDF version. This typically indicates Rd problems. LaTeX errors found: ! Illegal unit of measure (pt inserted). { l.669 ...{FIXED-ORIGIN.jpg}{width=\bsl{}linewidth} ! Illegal unit of measure (pt inserted). { l.669 ...{FIXED-ORIGIN.jpg}{width=\bsl{}linewidth} ! Illegal unit of measure (pt inserted). { l.688 ...RECALIBRATION.jpg}{width=\bsl{}linewidth} ! Illegal unit of measure (pt inserted). { l.688 ...RECALIBRATION.jpg}{width=\bsl{}linewidth} ! Illegal unit of measure (pt inserted). { l.706 ...RECALIBRATION.jpg}{width=\bsl{}linewidth} ! Illegal unit of measure (pt inserted). { l.706 ...RECALIBRATION.jpg}{width=\bsl{}linewidth} * checking PDF version of manual without index ... ERROR * checking HTML version of manual ... NOTE Found the following HTML validation problems: multipopulation_cv.html:38:1 (multipopulation_cv.Rd:88): Error: is not recognized! Did you mean to enable the custom-tags option? multipopulation_cv.html:38:1 (multipopulation_cv.Rd:88): Warning: discarding unexpected multipopulation_cv.html:56:1 (multipopulation_cv.Rd:102): Error: is not recognized! multipopulation_cv.html:56:1 (multipopulation_cv.Rd:102): Warning: discarding unexpected multipopulation_cv.html:74:1 (multipopulation_cv.Rd:117): Error: is not recognized! multipopulation_cv.html:74:1 (multipopulation_cv.Rd:117): Warning: discarding unexpected multipopulation_cv.html:37:1 (multipopulation_cv.Rd:87): Warning: attribute "width" has invalid value "\bsl{}linewidth" multipopulation_cv.html:55:4 (multipopulation_cv.Rd:101): Warning: attribute "width" has invalid value "\bsl{}linewidth" multipopulation_cv.html:73:4 (multipopulation_cv.Rd:116): Warning: attribute "width" has invalid value "\bsl{}linewidth" CvmortalityMult.html:1141:1 (multipopulation_cv.Rd:88): Error: is not recognized! Did you mean to enable the custom-tags option? CvmortalityMult.html:1141:1 (multipopulation_cv.Rd:88): Warning: discarding unexpected CvmortalityMult.html:1159:1 (multipopulation_cv.Rd:102): Error: is not recognized! CvmortalityMult.html:1159:1 (multipopulation_cv.Rd:102): Warning: discarding unexpected CvmortalityMult.html:1177:1 (multipopulation_cv.Rd:117): Error: is not recognized! CvmortalityMult.html:1177:1 (multipopulation_cv.Rd:117): Warning: discarding unexpected CvmortalityMult.html:1140:1 (multipopulation_cv.Rd:87): Warning: attribute "width" has invalid value "\bsl{}linewidth" CvmortalityMult.html:1158:4 (multipopulation_cv.Rd:101): Warning: attribute "width" has invalid value "\bsl{}linewidth" CvmortalityMult.html:1176:4 (multipopulation_cv.Rd:116): Warning: attribute "width" has invalid value "\bsl{}linewidth" * DONE Status: 1 ERROR, 1 WARNING, 1 NOTE