* using log directory 'd:/RCompile/CRANincoming/R-devel/CoFM.Rcheck' * using R Under development (unstable) (2025-11-09 r88992 ucrt) * using platform: x86_64-w64-mingw32 * R was compiled by gcc.exe (GCC) 14.3.0 GNU Fortran (GCC) 14.3.0 * running under: Windows Server 2022 x64 (build 20348) * using session charset: UTF-8 * checking for file 'CoFM/DESCRIPTION' ... OK * this is package 'CoFM' version '0.1.0' * package encoding: UTF-8 * checking CRAN incoming feasibility ... NOTE Maintainer: 'Guangbao Guo ' New submission Possibly misspelled words in DESCRIPTION: Guo (6:524) SPC (6:267) SPOC (6:325) * checking package namespace information ... OK * checking package dependencies ... OK * checking if this is a source package ... OK * checking if there is a namespace ... OK * checking for hidden files and directories ... OK * checking for portable file names ... OK * checking whether package 'CoFM' can be installed ... ERROR Installation failed. See 'd:/RCompile/CRANincoming/R-devel/CoFM.Rcheck/00install.out' for details. * DONE Status: 1 ERROR, 1 NOTE