* using log directory 'd:/RCompile/CRANincoming/R-devel/CATS.Rcheck' * using R Under development (unstable) (2025-10-03 r88899 ucrt) * using platform: x86_64-w64-mingw32 * R was compiled by gcc.exe (GCC) 14.2.0 GNU Fortran (GCC) 14.2.0 * running under: Windows Server 2022 x64 (build 20348) * using session charset: UTF-8 * checking for file 'CATS/DESCRIPTION' ... OK * checking extension type ... Package * this is package 'CATS' version '0.1.0' * package encoding: UTF-8 * checking CRAN incoming feasibility ... [50s] ERROR Maintainer: 'Gulden Olgun ' New submission Conflicting package names (submitted: CATS, existing: cats [https://bioconductor.statistik.tu-dortmund.de/cran]) Possibly misspelled words in DESCRIPTION: PPI (8:814) Transcriptomic (3:24, 8:415) geneset (8:507, 8:588, 8:799, 8:869) stemness (8:174) transcriptomic (8:272) upregulation (8:936) Found the following (possibly) invalid URLs: URL: http://202.97.205.69/CancerSEA/ From: man/human_PPIN.Rd man/signature.Rd Status: Error Message: Timeout was reached [202.97.205.69]: Failed to connect to 202.97.205.69 port 80 after 21008 ms: Could not connect to server * checking package namespace information ... OK * checking package dependencies ... OK * checking if this is a source package ... OK * checking if there is a namespace ... OK * checking for hidden files and directories ... OK * checking for portable file names ... OK * checking whether package 'CATS' can be installed ... OK * checking installed package size ... OK * checking package directory ... OK * checking for future file timestamps ... OK * checking 'build' directory ... OK * checking DESCRIPTION meta-information ... OK * checking top-level files ... OK * checking for left-over files ... OK * checking index information ... OK * checking package subdirectories ... OK * checking code files for non-ASCII characters ... OK * checking R files for syntax errors ... OK * checking whether the package can be loaded ... OK * checking whether the package can be loaded with stated dependencies ... OK * checking whether the package can be unloaded cleanly ... OK * checking whether the namespace can be loaded with stated dependencies ... OK * checking whether the namespace can be unloaded cleanly ... OK * checking loading without being on the library search path ... OK * checking use of S3 registration ... OK * checking dependencies in R code ... OK * checking S3 generic/method consistency ... OK * checking replacement functions ... OK * checking foreign function calls ... OK * checking R code for possible problems ... [32s] OK * checking Rd files ... OK * checking Rd metadata ... OK * checking Rd line widths ... OK * checking Rd cross-references ... OK * checking for missing documentation entries ... OK * checking for code/documentation mismatches ... OK * checking Rd \usage sections ... OK * checking Rd contents ... OK * checking for unstated dependencies in examples ... OK * checking contents of 'data' directory ... OK * checking data for non-ASCII characters ... OK * checking LazyData ... OK * checking data for ASCII and uncompressed saves ... OK * checking installed files from 'inst/doc' ... OK * checking files in 'vignettes' ... OK * checking examples ... [35m] NOTE Examples with CPU (user + system) or elapsed time > 10s user system elapsed ContextSpecificExpansion 535.64 167.19 703.16 getDEgenes 533.40 159.87 693.37 runCATS 537.20 134.42 672.05 getCorr 21.49 0.59 22.11 * checking for unstated dependencies in 'tests' ... OK * checking tests ... OK Running 'testthat.R' * checking for unstated dependencies in vignettes ... OK * checking package vignettes ... OK * checking re-building of vignette outputs ... [23m] OK * checking PDF version of manual ... [21s] OK * checking HTML version of manual ... OK * DONE Status: 1 ERROR, 1 NOTE