* using log directory 'd:/RCompile/CRANincoming/R-devel/CAMAN.Rcheck' * using R Under development (unstable) (2025-11-13 r89017 ucrt) * using platform: x86_64-w64-mingw32 * R was compiled by gcc.exe (GCC) 14.3.0 GNU Fortran (GCC) 14.3.0 * running under: Windows Server 2022 x64 (build 20348) * using session charset: UTF-8 * checking for file 'CAMAN/DESCRIPTION' ... OK * checking extension type ... Package * this is package 'CAMAN' version '0.79' * checking CRAN incoming feasibility ... NOTE Maintainer: 'Peter Schlattmann ' New submission Package was archived on CRAN Possibly misspelled words in DESCRIPTION: Bohning (13:38) NPMLE (11:48) Schlattmann (14:52) VEM (11:58) al (13:49, 15:9) et (13:46, 14:64) pharmacokinetics (11:9) CRAN repository db overrides: X-CRAN-Comment: Archived on 2024-09-23 as issues were not corrected in time. No Authors@R field in DESCRIPTION. Please add one, modifying Authors@R: c(person(given = "Peter", family = "Schlattmann", role = c("aut", "cre"), email = "peter.schlattmann@med.uni-jena.de"), person(given = "Philipp", family = "Doebler", role = "aut", email = "philipp.doebler@googlemail.com"), person(given = "Johannes", family = "Hoehne", role = "aut"), person(given = "Maryna", family = "Verba", role = "aut"), person(given = "Pia-Sophie", family = "Weber", role = "aut")) as necessary. * checking package namespace information ... OK * checking package dependencies ... OK * checking if this is a source package ... OK * checking if there is a namespace ... OK * checking for hidden files and directories ... OK * checking for portable file names ... OK * checking serialization versions ... OK * checking whether package 'CAMAN' can be installed ... ERROR Installation failed. See 'd:/RCompile/CRANincoming/R-devel/CAMAN.Rcheck/00install.out' for details. * DONE Status: 1 ERROR, 1 NOTE