* using log directory ‘/srv/hornik/tmp/CRAN_pretest/BuSuCo.Rcheck’ * using R Under development (unstable) (2025-10-28 r88973) * using platform: x86_64-pc-linux-gnu * R was compiled by Debian clang version 19.1.7 (7) Debian flang-new version 19.1.7 (7) * running under: Debian GNU/Linux forky/sid * using session charset: UTF-8 * checking for file ‘BuSuCo/DESCRIPTION’ ... OK * checking extension type ... Package * this is package ‘BuSuCo’ version ‘0.1.0’ * package encoding: UTF-8 * checking CRAN incoming feasibility ... [3s/3s] NOTE Maintainer: ‘Johannes Straubinger ’ New submission Possibly misspelled words in DESCRIPTION: customisable (8:147) The Description field should not start with the package name, 'This package' or similar. * checking package namespace information ... OK * checking package dependencies ... OK * checking if this is a source package ... OK * checking if there is a namespace ... OK * checking for executable files ... OK * checking for hidden files and directories ... OK * checking for portable file names ... OK * checking for sufficient/correct file permissions ... OK * checking serialization versions ... OK * checking whether package ‘BuSuCo’ can be installed ... [2s/2s] OK * checking package directory ... OK * checking for future file timestamps ... OK * checking ‘build’ directory ... OK * checking DESCRIPTION meta-information ... OK * checking top-level files ... OK * checking for left-over files ... OK * checking index information ... OK * checking package subdirectories ... OK * checking code files for non-ASCII characters ... OK * checking R files for syntax errors ... OK * checking whether the package can be loaded ... [0s/0s] OK * checking whether the package can be loaded with stated dependencies ... [0s/0s] OK * checking whether the package can be unloaded cleanly ... [0s/0s] OK * checking whether the namespace can be loaded with stated dependencies ... [0s/0s] OK * checking whether the namespace can be unloaded cleanly ... [0s/0s] OK * checking loading without being on the library search path ... [0s/0s] OK * checking use of S3 registration ... OK * checking dependencies in R code ... WARNING 'library' or 'require' calls not declared from: ‘EnvStats’ ‘data.table’ 'library' or 'require' calls in package code: ‘EnvStats’ ‘data.table’ Please use :: or requireNamespace() instead. See section 'Suggested packages' in the 'Writing R Extensions' manual. * checking S3 generic/method consistency ... OK * checking replacement functions ... OK * checking foreign function calls ... OK * checking R code for possible problems ... [4s/4s] NOTE Dutch.BSC: no visible binding for global variable ‘zita’ Dutch.BSC: no visible binding for global variable ‘phi’ Dutch.BSC: no visible binding for global variable ‘W.k’ Dutch.BSC: no visible binding for global variable ‘B.k’ Dutch.BSC: no visible binding for global variable ‘IN.SAMPLE’ Dutch.BSC: no visible binding for global variable ‘pi_k’ Dutch.BSC: no visible binding for global variable ‘V1’ Dutch.BSC: no visible binding for global variable ‘lse’ Dutch.BSC: no visible binding for global variable ‘mse’ Dutch.BSC: no visible binding for global variable ‘sse’ Dutch.BSC: no visible binding for global variable ‘ita’ Dutch.BSC: no visible binding for global variable ‘B_k_1’ Dutch.BSC: no visible binding for global variable ‘PRN’ Dutch.BSC: no visible binding for global variable ‘STATUS’ Dutch.BSC: no visible binding for global variable ‘ID’ Dutch.BSC: no visible binding for global variable ‘STR’ French.BSC: no visible binding for global variable ‘g.k’ French.BSC: no visible global function definition for ‘runif’ French.BSC: no visible binding for global variable ‘zita’ French.BSC: no visible binding for global variable ‘phi’ French.BSC: no visible binding for global variable ‘W.k’ French.BSC: no visible binding for global variable ‘B.k’ French.BSC: no visible binding for global variable ‘IN.SAMPLE’ French.BSC: no visible binding for global variable ‘pi_k’ French.BSC: no visible binding for global variable ‘V1’ French.BSC: no visible binding for global variable ‘lse’ French.BSC: no visible binding for global variable ‘mse’ French.BSC: no visible binding for global variable ‘sse’ French.BSC: no visible binding for global variable ‘ita’ French.BSC: no visible binding for global variable ‘B_k_1’ French.BSC: no visible binding for global variable ‘PRN’ French.BSC: no visible binding for global variable ‘STATUS’ French.BSC: no visible binding for global variable ‘ID’ French.BSC: no visible binding for global variable ‘STR’ French.BSC: no visible binding for global variable ‘Keep’ French.BSC: no visible binding for global variable ‘b.k’ French.BSC: no visible global function definition for ‘pbeta’ French.BSC: no visible binding for global variable ‘B.k.sort’ French.BSC: no visible binding for global variable ‘epsilon’ Gen.Data: no visible binding for global variable ‘domain’ Gen.Data: no visible global function definition for ‘runif’ Gen.Data: no visible binding for global variable ‘stratum’ Gen.Data: no visible binding for global variable ‘value_P1’ Gen.Data: no visible binding for global variable ‘value_corr_P1’ Gen.Data: no visible binding for global variable ‘domain_P1’ Gen.Data: no visible binding for global variable ‘stratum_P1’ Gen.Data: no visible global function definition for ‘rnorm’ Gen.Data: no visible global function definition for ‘tail’ Norwegian.BSC: no visible binding for global variable ‘zita’ Norwegian.BSC: no visible binding for global variable ‘W.k’ Norwegian.BSC: no visible binding for global variable ‘A.k’ Norwegian.BSC: no visible binding for global variable ‘pi_k’ Norwegian.BSC: no visible binding for global variable ‘V1’ Norwegian.BSC: no visible binding for global variable ‘lse’ Norwegian.BSC: no visible binding for global variable ‘mse’ Norwegian.BSC: no visible binding for global variable ‘sse’ Norwegian.BSC: no visible binding for global variable ‘ita’ Norwegian.BSC: no visible binding for global variable ‘PRN’ Norwegian.BSC: no visible binding for global variable ‘STATUS’ Norwegian.BSC: no visible binding for global variable ‘ID’ Norwegian.BSC: no visible binding for global variable ‘IN.SAMPLE’ Norwegian.BSC: no visible binding for global variable ‘STR’ Norwegian.BSC: no visible binding for global variable ‘B_k_s’ Swiss.BSC: no visible binding for global variable ‘A.k’ Swiss.BSC: no visible binding for global variable ‘omega’ Swiss.BSC: no visible global function definition for ‘runif’ Swiss.BSC: no visible binding for global variable ‘size.var’ Swiss.BSC: no visible binding for global variable ‘N_h’ Swiss.BSC: no visible binding for global variable ‘fct’ Swiss.BSC: no visible binding for global variable ‘pi_k’ random.order: no visible binding for global variable ‘PRN_temp’ random.order: no visible global function definition for ‘runif’ target.corr.sort: no visible global function definition for ‘rnorm’ target.corr.sort: no visible global function definition for ‘cor’ uneq.sample: no visible global function definition for ‘runif’ Undefined global functions or variables: A.k B.k B.k.sort B_k_1 B_k_s ID IN.SAMPLE Keep N_h PRN PRN_temp STATUS STR V1 W.k b.k cor domain domain_P1 epsilon fct g.k ita lse mse omega pbeta phi pi_k rnorm runif size.var sse stratum stratum_P1 tail value_P1 value_corr_P1 zita Consider adding importFrom("stats", "cor", "pbeta", "rnorm", "runif") importFrom("utils", "tail") to your NAMESPACE file. * checking Rd files ... [0s/0s] OK * checking Rd metadata ... OK * checking Rd line widths ... OK * checking Rd cross-references ... OK * checking for missing documentation entries ... OK * checking for code/documentation mismatches ... OK * checking Rd \usage sections ... OK * checking Rd contents ... OK * checking for unstated dependencies in examples ... OK * checking installed files from ‘inst/doc’ ... OK * checking files in ‘vignettes’ ... OK * checking examples ... [36s/36s] NOTE Examples with CPU (user + system) or elapsed time > 5s user system elapsed target.corr.sort 10.348 0.000 10.354 Swiss.BSC 8.749 0.008 8.763 * checking for unstated dependencies in vignettes ... OK * checking package vignettes ... OK * checking re-building of vignette outputs ... [1s/1s] OK * checking PDF version of manual ... [3s/3s] OK * checking HTML version of manual ... [0s/0s] OK * checking for non-standard things in the check directory ... OK * checking for detritus in the temp directory ... OK * DONE Status: 1 WARNING, 3 NOTEs