* using log directory 'd:/RCompile/CRANincoming/R-devel/BayesianDisaggregation.Rcheck' * using R Under development (unstable) (2025-09-25 r88874 ucrt) * using platform: x86_64-w64-mingw32 * R was compiled by gcc.exe (GCC) 14.2.0 GNU Fortran (GCC) 14.2.0 * running under: Windows Server 2022 x64 (build 20348) * using session charset: UTF-8 * checking for file 'BayesianDisaggregation/DESCRIPTION' ... OK * this is package 'BayesianDisaggregation' version '0.1.0' * package encoding: UTF-8 * checking CRAN incoming feasibility ... NOTE Maintainer: 'José Mauricio Gómez Julián ' New submission License components with restrictions and base license permitting such: MIT + file LICENSE Possibly misspelled words in DESCRIPTION: Disaggregation (2:43) disaggregating (5:46) * checking package namespace information ... OK * checking package dependencies ... OK * checking if this is a source package ... OK * checking if there is a namespace ... OK * checking for hidden files and directories ... OK * checking for portable file names ... OK * checking serialization versions ... OK * checking whether package 'BayesianDisaggregation' can be installed ... ERROR Installation failed. See 'd:/RCompile/CRANincoming/R-devel/BayesianDisaggregation.Rcheck/00install.out' for details. * DONE Status: 1 ERROR, 1 NOTE