* using log directory ‘/srv/hornik/tmp/CRAN_pretest/BayesianDisaggregation.Rcheck’ * using R Under development (unstable) (2025-09-25 r88874) * using platform: x86_64-pc-linux-gnu * R was compiled by Debian clang version 19.1.7 (3+b1) Debian flang-new version 19.1.7 (3+b1) * running under: Debian GNU/Linux forky/sid * using session charset: UTF-8 * checking for file ‘BayesianDisaggregation/DESCRIPTION’ ... OK * this is package ‘BayesianDisaggregation’ version ‘0.1.0’ * package encoding: UTF-8 * checking CRAN incoming feasibility ... [3s/3s] NOTE Maintainer: ‘José Mauricio Gómez Julián ’ New submission License components with restrictions and base license permitting such: MIT + file LICENSE Possibly misspelled words in DESCRIPTION: Disaggregation (2:43) disaggregating (5:46) * checking package namespace information ... OK * checking package dependencies ... OK * checking if this is a source package ... OK * checking if there is a namespace ... OK * checking for executable files ... OK * checking for hidden files and directories ... OK * checking for portable file names ... OK * checking for sufficient/correct file permissions ... OK * checking serialization versions ... OK * checking whether package ‘BayesianDisaggregation’ can be installed ... [1s/1s] ERROR Installation failed. See ‘/srv/hornik/tmp/CRAN_pretest/BayesianDisaggregation.Rcheck/00install.out’ for details. * DONE Status: 1 ERROR, 1 NOTE