* using log directory 'd:/RCompile/CRANincoming/R-devel/BayesianDisaggregation.Rcheck' * using R Under development (unstable) (2025-09-18 r88857 ucrt) * using platform: x86_64-w64-mingw32 * R was compiled by gcc.exe (GCC) 14.2.0 GNU Fortran (GCC) 14.2.0 * running under: Windows Server 2022 x64 (build 20348) * using session charset: UTF-8 * checking for file 'BayesianDisaggregation/DESCRIPTION' ... OK * this is package 'BayesianDisaggregation' version '0.1.0' * package encoding: UTF-8 * checking CRAN incoming feasibility ... NOTE Maintainer: 'José Mauricio Gómez Julián ' New submission Possibly misspelled words in DESCRIPTION: Disaggregation (2:43) disaggregating (6:46) * checking package namespace information ... OK * checking package dependencies ... OK * checking if this is a source package ... OK * checking if there is a namespace ... OK * checking for hidden files and directories ... OK * checking for portable file names ... OK * checking whether package 'BayesianDisaggregation' can be installed ... OK * checking installed package size ... OK * checking package directory ... OK * checking for future file timestamps ... OK * checking 'build' directory ... OK * checking DESCRIPTION meta-information ... OK * checking top-level files ... OK * checking for left-over files ... OK * checking index information ... OK * checking package subdirectories ... OK * checking code files for non-ASCII characters ... OK * checking R files for syntax errors ... OK * checking whether the package can be loaded ... OK * checking whether the package can be loaded with stated dependencies ... OK * checking whether the package can be unloaded cleanly ... OK * checking whether the namespace can be loaded with stated dependencies ... OK * checking whether the namespace can be unloaded cleanly ... OK * checking loading without being on the library search path ... OK * checking use of S3 registration ... OK * checking dependencies in R code ... OK * checking S3 generic/method consistency ... OK * checking replacement functions ... OK * checking foreign function calls ... OK * checking R code for possible problems ... OK * checking Rd files ... OK * checking Rd metadata ... OK * checking Rd line widths ... OK * checking Rd cross-references ... OK * checking for missing documentation entries ... OK * checking for code/documentation mismatches ... OK * checking Rd \usage sections ... OK * checking Rd contents ... OK * checking for unstated dependencies in examples ... OK * checking installed files from 'inst/doc' ... OK * checking files in 'vignettes' ... OK * checking examples ... OK * checking for unstated dependencies in vignettes ... OK * checking package vignettes ... OK * checking re-building of vignette outputs ... OK * checking PDF version of manual ... [12s] WARNING LaTeX errors when creating PDF version. This typically indicates Rd problems. LaTeX errors found: ! LaTeX Error: Command \item invalid in math mode. See the LaTeX manual or LaTeX Companion for explanation. Type H for immediate help. ... ! LaTeX Error: Something's wrong--perhaps a missing \item. See the LaTeX manual or LaTeX Companion for explanation. Type H for immediate help. ... ! LaTeX Error: Something's wrong--perhaps a missing \item. See the LaTeX manual or LaTeX Companion for explanation. Type H for immediate help. ... ! Missing $ inserted. $ l.220 \item{} If \eqn{\sum l \le \mathrm{tol}}{} or PC1 is degenerate, fall ... ! LaTeX Error: Unicode character ⨉ (U+2A09) not set up for use with LaTeX. See the LaTeX manual or LaTeX Companion for explanation. Type H for immediate help. * checking PDF version of manual without index ... ERROR * checking HTML version of manual ... NOTE Found the following math rendering problems: compute_L_from_P.Rd:42: Can't use function '$' in math mode in v = sv$v[,1] * DONE Status: 1 ERROR, 1 WARNING, 2 NOTEs