* using log directory ‘/srv/hornik/tmp/CRAN_pretest/BayesPower.Rcheck’ * using R Under development (unstable) (2025-10-21 r88957) * using platform: x86_64-pc-linux-gnu * R was compiled by Debian clang version 19.1.7 (7) Debian flang-new version 19.1.7 (7) * running under: Debian GNU/Linux forky/sid * using session charset: UTF-8 * checking for file ‘BayesPower/DESCRIPTION’ ... OK * this is package ‘BayesPower’ version ‘1.0.0’ * package encoding: UTF-8 * checking CRAN incoming feasibility ... [3s/3s] NOTE Maintainer: ‘Tsz Keung Wong ’ New submission * checking package namespace information ... OK * checking package dependencies ... OK * checking if this is a source package ... OK * checking if there is a namespace ... OK * checking for executable files ... OK * checking for hidden files and directories ... OK * checking for portable file names ... OK * checking for sufficient/correct file permissions ... OK * checking serialization versions ... OK * checking whether package ‘BayesPower’ can be installed ... [10s/10s] ERROR Installation failed. See ‘/srv/hornik/tmp/CRAN_pretest/BayesPower.Rcheck/00install.out’ for details. * DONE Status: 1 ERROR, 1 NOTE