* using log directory ‘/srv/hornik/tmp/CRAN_pretest/BTIME.Rcheck’ * using R Under development (unstable) (2025-09-21 r88861) * using platform: x86_64-pc-linux-gnu * R was compiled by Debian clang version 19.1.7 (3+b1) Debian flang-new version 19.1.7 (3+b1) * running under: Debian GNU/Linux forky/sid * using session charset: UTF-8 * checking for file ‘BTIME/DESCRIPTION’ ... OK * this is package ‘BTIME’ version ‘0.0.0.9000’ * package encoding: UTF-8 * checking CRAN incoming feasibility ... [3s/4s] NOTE Maintainer: ‘Chase Sakitis ’ New submission Version contains large components (0.0.0.9000) Possibly misspelled words in DESCRIPTION: parallelizing (10:70) runjags (10:38) Found the following (possibly) invalid URLs: URL: https://github.com/FridleyLab/BTIME From: inst/doc/BICAM.html inst/doc/BICAM_Cov.html Status: 404 Message: Not Found * checking package namespace information ... OK * checking package dependencies ... OK * checking if this is a source package ... OK * checking if there is a namespace ... OK * checking for executable files ... OK * checking for hidden files and directories ... NOTE Found the following hidden files and directories: docs/.nojekyll These were most likely included in error. See section ‘Package structure’ in the ‘Writing R Extensions’ manual. CRAN-pack does not know about docs/.nojekyll * checking for portable file names ... OK * checking for sufficient/correct file permissions ... OK * checking serialization versions ... OK * checking whether package ‘BTIME’ can be installed ... [4s/4s] OK * checking package directory ... OK * checking for future file timestamps ... OK * checking ‘build’ directory ... OK * checking DESCRIPTION meta-information ... OK * checking top-level files ... NOTE Non-standard file/directory found at top level: ‘docs’ * checking for left-over files ... OK * checking index information ... OK * checking package subdirectories ... OK * checking code files for non-ASCII characters ... OK * checking R files for syntax errors ... OK * checking whether the package can be loaded ... [1s/1s] OK * checking whether the package can be loaded with stated dependencies ... [1s/1s] OK * checking whether the package can be unloaded cleanly ... [1s/1s] OK * checking whether the namespace can be loaded with stated dependencies ... [0s/0s] OK * checking whether the namespace can be unloaded cleanly ... [0s/0s] OK * checking loading without being on the library search path ... [1s/1s] OK * checking use of S3 registration ... OK * checking dependencies in R code ... NOTE Package in Depends field not imported from: ‘tidyverse’ These packages need to be imported from (in the NAMESPACE file) for when this namespace is loaded but not attached. * checking S3 generic/method consistency ... OK * checking replacement functions ... OK * checking foreign function calls ... OK * checking R code for possible problems ... [2s/2s] OK * checking Rd files ... [0s/0s] OK * checking Rd metadata ... OK * checking Rd line widths ... OK * checking Rd cross-references ... OK * checking for missing documentation entries ... OK * checking for code/documentation mismatches ... OK * checking Rd \usage sections ... OK * checking Rd contents ... OK * checking for unstated dependencies in examples ... OK * checking installed files from ‘inst/doc’ ... OK * checking files in ‘vignettes’ ... OK * checking examples ... NONE * checking for unstated dependencies in vignettes ... OK * checking package vignettes ... OK * checking re-building of vignette outputs ... [2s/2s] ERROR Error(s) in re-building vignettes: ... --- re-building ‘BICAM.Rmd’ using rmarkdown Quitting from BICAM.Rmd:33-37 [datasetup] ~~~~~~~~~~~~~~~~~~~~~~~~~~~~~~~~~~~~~~~~~~~~~~~~~~~~~~~~~~~~~~~~~~~~~~~~~~~~~~~~ Error in `file()`: ! cannot open the connection --- Backtrace: ▆ 1. └─utils::read.csv("~/mIF_Test_Data.csv", check.names = FALSE) 2. └─utils::read.table(...) 3. └─base::file(file, "rt") ~~~~~~~~~~~~~~~~~~~~~~~~~~~~~~~~~~~~~~~~~~~~~~~~~~~~~~~~~~~~~~~~~~~~~~~~~~~~~~~~ Error: processing vignette 'BICAM.Rmd' failed with diagnostics: cannot open the connection --- failed re-building ‘BICAM.Rmd’ --- re-building ‘BICAM_Cov.Rmd’ using rmarkdown [WARNING] Deprecated: --highlight-style. Use --syntax-highlighting instead. --- finished re-building ‘BICAM_Cov.Rmd’ SUMMARY: processing the following file failed: ‘BICAM.Rmd’ Error: Vignette re-building failed. Execution halted * checking PDF version of manual ... [3s/3s] OK * checking HTML version of manual ... [0s/0s] OK * checking for non-standard things in the check directory ... OK * checking for detritus in the temp directory ... OK * DONE Status: 1 ERROR, 4 NOTEs