* using log directory ‘/srv/hornik/tmp/CRAN_pretest/AssumpSure.Rcheck’ * using R Under development (unstable) (2025-11-11 r89006) * using platform: x86_64-pc-linux-gnu * R was compiled by Debian clang version 19.1.7 (7) Debian flang-new version 19.1.7 (7) * running under: Debian GNU/Linux forky/sid * using session charset: UTF-8 * checking for file ‘AssumpSure/DESCRIPTION’ ... OK * this is package ‘AssumpSure’ version ‘1.1.3’ * package encoding: UTF-8 * checking CRAN incoming feasibility ... [4s/5s] OK * checking package namespace information ... OK * checking package dependencies ... OK * checking if this is a source package ... OK * checking if there is a namespace ... OK * checking for executable files ... OK * checking for hidden files and directories ... OK * checking for portable file names ... OK * checking for sufficient/correct file permissions ... OK * checking whether package ‘AssumpSure’ can be installed ... [1s/1s] OK * checking package directory ... OK * checking for future file timestamps ... OK * checking DESCRIPTION meta-information ... OK * checking top-level files ... OK * checking for left-over files ... OK * checking index information ... OK * checking package subdirectories ... OK * checking code files for non-ASCII characters ... OK * checking R files for syntax errors ... OK * checking whether the package can be loaded ... [0s/0s] OK * checking whether the package can be loaded with stated dependencies ... [0s/0s] OK * checking whether the package can be unloaded cleanly ... [0s/0s] OK * checking whether the namespace can be loaded with stated dependencies ... [0s/0s] OK * checking whether the namespace can be unloaded cleanly ... [0s/0s] OK * checking loading without being on the library search path ... [0s/0s] OK * checking whether startup messages can be suppressed ... [0s/0s] OK * checking use of S3 registration ... OK * checking dependencies in R code ... WARNING '::' or ':::' imports not declared from: ‘dplyr’ ‘ggplot2’ * checking S3 generic/method consistency ... OK * checking replacement functions ... OK * checking foreign function calls ... OK * checking R code for possible problems ... [2s/2s] NOTE make_scatter_plot: no visible global function definition for ‘aes’ make_scatter_plot: no visible binding for global variable ‘x’ make_scatter_plot: no visible binding for global variable ‘y’ make_scatter_plot: no visible global function definition for ‘geom_point’ make_scatter_plot: no visible global function definition for ‘geom_smooth’ make_scatter_plot: no visible global function definition for ‘theme_bw’ make_scatter_plot: no visible global function definition for ‘labs’ make_scatter_plot: no visible global function definition for ‘theme’ make_scatter_plot: no visible global function definition for ‘element_text’ run_dependent_test: no visible global function definition for ‘%>%’ run_independent_test: no visible global function definition for ‘%>%’ run_mannwhitney_test: no visible global function definition for ‘%>%’ run_wilcoxon_signed_test: no visible global function definition for ‘%>%’ stat_square_chisq: no visible global function definition for ‘run_chisq_test’ stat_square_chisq: no visible global function definition for ‘div’ stat_square_chisq: no visible global function definition for ‘strong’ stat_square_fisher: no visible global function definition for ‘run_fisher_test’ stat_square_fisher: no visible global function definition for ‘div’ stat_square_fisher: no visible global function definition for ‘strong’ Undefined global functions or variables: %>% aes div element_text geom_point geom_smooth labs run_chisq_test run_fisher_test strong theme theme_bw x y * checking Rd files ... [0s/0s] OK * checking Rd metadata ... OK * checking Rd line widths ... OK * checking Rd cross-references ... OK * checking for missing documentation entries ... OK * checking for code/documentation mismatches ... OK * checking Rd \usage sections ... OK * checking Rd contents ... OK * checking for unstated dependencies in examples ... OK * checking examples ... [0s/0s] OK * checking for unstated dependencies in ‘tests’ ... WARNING '::' or ':::' import not declared from: ‘dplyr’ * checking tests ... [1s/1s] OK Running ‘testthat.R’ [1s/1s] * checking PDF version of manual ... [3s/3s] OK * checking HTML version of manual ... [0s/0s] OK * checking for non-standard things in the check directory ... OK * checking for detritus in the temp directory ... OK * DONE Status: 2 WARNINGs, 1 NOTE