* using log directory ‘/srv/hornik/tmp/CRAN_pretest/AssumpSure.Rcheck’ * using R Under development (unstable) (2025-07-06 r88390) * using platform: x86_64-pc-linux-gnu * R was compiled by Debian clang version 19.1.7 (3) Debian flang-new version 19.1.7 (3) * running under: Debian GNU/Linux 13 (trixie) * using session charset: UTF-8 * checking for file ‘AssumpSure/DESCRIPTION’ ... OK * this is package ‘AssumpSure’ version ‘1.0.0’ * package encoding: UTF-8 * checking CRAN incoming feasibility ... [2s/2s] NOTE Maintainer: ‘Ahmed Bargheet ’ New submission Non-FOSS package license (GPL-3.0) * checking package namespace information ... OK * checking package dependencies ... OK * checking if this is a source package ... OK * checking if there is a namespace ... OK * checking for executable files ... OK * checking for hidden files and directories ... OK * checking for portable file names ... WARNING Found the following file with a non-portable file name: vignettes/data/One-way ANOVA.csv These are not fully portable file names. See section ‘Package structure’ in the ‘Writing R Extensions’ manual. * checking for sufficient/correct file permissions ... OK * checking serialization versions ... OK * checking whether package ‘AssumpSure’ can be installed ... [1s/1s] OK * checking package directory ... OK * checking for future file timestamps ... OK * checking DESCRIPTION meta-information ... WARNING Non-standard license specification: GPL-3.0 Standardizable: FALSE * checking top-level files ... NOTE File LICENSE is not mentioned in the DESCRIPTION file. * checking for left-over files ... OK * checking index information ... OK * checking package subdirectories ... OK * checking code files for non-ASCII characters ... OK * checking R files for syntax errors ... OK * checking whether the package can be loaded ... [0s/0s] OK * checking whether the package can be loaded with stated dependencies ... [0s/0s] OK * checking whether the package can be unloaded cleanly ... [0s/0s] OK * checking whether the namespace can be loaded with stated dependencies ... [0s/0s] OK * checking whether the namespace can be unloaded cleanly ... [0s/0s] OK * checking loading without being on the library search path ... [0s/0s] OK * checking use of S3 registration ... OK * checking dependencies in R code ... OK * checking S3 generic/method consistency ... OK * checking replacement functions ... OK * checking foreign function calls ... OK * checking R code for possible problems ... [2s/2s] OK * checking Rd files ... [0s/0s] OK * checking Rd metadata ... OK * checking Rd line widths ... OK * checking Rd cross-references ... OK * checking for missing documentation entries ... OK * checking for code/documentation mismatches ... OK * checking Rd \usage sections ... OK * checking Rd contents ... OK * checking for unstated dependencies in examples ... OK * checking files in ‘vignettes’ ... WARNING Files in the 'vignettes' directory but no files in 'inst/doc': ‘data/One-way ANOVA.csv’ ‘data/bacteria_for_correlation.csv’ ‘data/chi_fisher.csv’ ‘data/correlation.csv’ ‘data/infants.csv’ ‘data/starwar.csv’ ‘data/t-test.csv’ ‘data/t-test_1.csv’ ‘data/t-test_2.csv’ Package has no Sweave vignette sources and no VignetteBuilder field. * checking examples ... NONE * checking package vignettes ... NOTE Package has ‘vignettes’ subdirectory but apparently no vignettes. Perhaps the ‘VignetteBuilder’ information is missing from the DESCRIPTION file? * checking PDF version of manual ... [3s/3s] OK * checking HTML version of manual ... [0s/0s] OK * checking for code which exercises the package ... WARNING No examples, no tests, no vignettes * checking for non-standard things in the check directory ... OK * checking for detritus in the temp directory ... OK * DONE Status: 4 WARNINGs, 3 NOTEs