* using log directory 'd:/RCompile/CRANincoming/R-devel/AntibodyForests.Rcheck' * using R Under development (unstable) (2025-01-14 r87574 ucrt) * using platform: x86_64-w64-mingw32 * R was compiled by gcc.exe (GCC) 13.3.0 GNU Fortran (GCC) 13.3.0 * running under: Windows Server 2022 x64 (build 20348) * using session charset: UTF-8 * checking for file 'AntibodyForests/DESCRIPTION' ... OK * this is package 'AntibodyForests' version '1.0.0' * package encoding: UTF-8 * checking CRAN incoming feasibility ... NOTE Maintainer: 'Daphne van Ginneken ' New submission Possibly misspelled words in DESCRIPTION: AntibodyForests (3:9, 15:47) Intra (2:31) intra (14:5, 16:44) Found the following (possibly) invalid URLs: URL: https://www.sciencedirect.com/science/article/pii/S2405471222000382?via%3Dihub From: inst/doc/AntibodyForests_vignette.html Status: 403 Message: Forbidden URL: https://www.sciencedirect.com/science/article/pii/S2666389922001052?via%3Dihub From: inst/doc/AntibodyForests_vignette.html Status: 403 Message: Forbidden Please use DOIs for the following publisher URLs: https://www.sciencedirect.com/science/article/pii/S2405471222000382?via%3Dihub https://www.sciencedirect.com/science/article/pii/S2666389922001052?via%3Dihub Found the following (possibly) invalid file URI: URI: %7B From: inst/doc/AntibodyForests_vignette.html Size of tarball: 6019512 bytes * checking package namespace information ... OK * checking package dependencies ... OK * checking if this is a source package ... OK * checking if there is a namespace ... OK * checking for hidden files and directories ... OK * checking for portable file names ... OK * checking whether package 'AntibodyForests' can be installed ... OK * checking installed package size ... OK * checking package directory ... OK * checking for future file timestamps ... OK * checking 'build' directory ... OK * checking DESCRIPTION meta-information ... OK * checking top-level files ... OK * checking for left-over files ... OK * checking index information ... OK * checking package subdirectories ... OK * checking code files for non-ASCII characters ... OK * checking R files for syntax errors ... OK * checking whether the package can be loaded ... OK * checking whether the package can be loaded with stated dependencies ... OK * checking whether the package can be unloaded cleanly ... OK * checking whether the namespace can be loaded with stated dependencies ... OK * checking whether the namespace can be unloaded cleanly ... OK * checking loading without being on the library search path ... OK * checking use of S3 registration ... OK * checking dependencies in R code ... OK * checking S3 generic/method consistency ... OK * checking replacement functions ... OK * checking foreign function calls ... OK * checking R code for possible problems ... [15s] OK * checking Rd files ... OK * checking Rd metadata ... OK * checking Rd line widths ... OK * checking Rd cross-references ... OK * checking for missing documentation entries ... OK * checking for code/documentation mismatches ... OK * checking Rd \usage sections ... OK * checking Rd contents ... OK * checking for unstated dependencies in examples ... OK * checking contents of 'data' directory ... OK * checking data for non-ASCII characters ... OK * checking LazyData ... OK * checking data for ASCII and uncompressed saves ... WARNING Note: significantly better compression could be obtained by using R CMD build --resave-data old_size new_size compress af_default.rda 19Kb 13Kb xz af_mst.rda 19Kb 13Kb xz af_nj.rda 25Kb 17Kb xz small_af.rda 64Kb 39Kb bzip2 small_vdj.rda 452Kb 145Kb xz * checking installed files from 'inst/doc' ... OK * checking files in 'vignettes' ... OK * checking examples ... [16s] OK * checking for unstated dependencies in vignettes ... OK * checking package vignettes ... OK * checking re-building of vignette outputs ... [11s] OK * checking PDF version of manual ... [18s] OK * checking HTML version of manual ... OK * DONE Status: 1 WARNING, 1 NOTE