* using log directory ‘/srv/hornik/tmp/CRAN_pretest/AlgDesign.Rcheck’
* using R Under development (unstable) (2025-03-29 r88074)
* using platform: x86_64-pc-linux-gnu
* R was compiled by
    Debian clang version 19.1.7 (1+b1)
    Debian flang-new version 19.1.7 (1+b1)
* running under: Debian GNU/Linux trixie/sid
* using session charset: UTF-8
* checking for file ‘AlgDesign/DESCRIPTION’ ... OK
* this is package ‘AlgDesign’ version ‘1.2.1.2’
* checking CRAN incoming feasibility ... [4s/4s] NOTE
Maintainer: ‘Jerome Braun <jvbraun.statistics@gmail.com>’

No Authors@R field in DESCRIPTION.
Please add one, modifying
  Authors@R: c(person(given = "Bob",
                      family = "Wheeler",
                      role = "aut",
                      email = "bwheelerg@gmail.com"),
               person(given = "Jerome",
                      family = "Braun",
                      role = "cre",
                      email = "jvbraun.statistics@gmail.com"))
as necessary.
* checking package namespace information ... OK
* checking package dependencies ... OK
* checking if this is a source package ... OK
* checking if there is a namespace ... OK
* checking for executable files ... OK
* checking for hidden files and directories ... OK
* checking for portable file names ... OK
* checking for sufficient/correct file permissions ... OK
* checking serialization versions ... OK
* checking whether package ‘AlgDesign’ can be installed ... [5s/5s] WARNING
Found the following significant warnings:
  ./wheeler.h:23:9: warning: keyword is hidden by macro definition [-Wkeyword-macro]
  ./wheeler.h:24:9: warning: keyword is hidden by macro definition [-Wkeyword-macro]
See ‘/srv/hornik/tmp/CRAN_pretest/AlgDesign.Rcheck/00install.out’ for details.
* used C compiler: ‘Debian clang version 19.1.7 (3)’
* checking package directory ... OK
* checking for future file timestamps ... OK
* checking ‘build’ directory ... OK
* checking DESCRIPTION meta-information ... OK
* checking top-level files ... OK
* checking for left-over files ... OK
* checking index information ... OK
* checking package subdirectories ... OK
* checking code files for non-ASCII characters ... OK
* checking R files for syntax errors ... OK
* checking whether the package can be loaded ... [0s/0s] OK
* checking whether the package can be loaded with stated dependencies ... [0s/0s] OK
* checking whether the package can be unloaded cleanly ... [0s/0s] OK
* checking whether the namespace can be loaded with stated dependencies ... [0s/0s] OK
* checking whether the namespace can be unloaded cleanly ... [0s/0s] OK
* checking loading without being on the library search path ... [0s/0s] OK
* checking use of S3 registration ... OK
* checking dependencies in R code ... OK
* checking S3 generic/method consistency ... OK
* checking replacement functions ... OK
* checking foreign function calls ... OK
* checking R code for possible problems ... [3s/3s] OK
* checking Rd files ... [0s/0s] OK
* checking Rd metadata ... OK
* checking Rd line widths ... OK
* checking Rd cross-references ... OK
* checking for missing documentation entries ... OK
* checking for code/documentation mismatches ... OK
* checking Rd \usage sections ... OK
* checking Rd contents ... OK
* checking for unstated dependencies in examples ... OK
* checking contents of ‘data’ directory ... OK
* checking data for non-ASCII characters ... [0s/0s] OK
* checking data for ASCII and uncompressed saves ... OK
* checking line endings in C/C++/Fortran sources/headers ... OK
* checking pragmas in C/C++ headers and code ... OK
* checking compilation flags used ... OK
* checking compiled code ... OK
* checking sizes of PDF files under ‘inst/doc’ ... OK
* checking installed files from ‘inst/doc’ ... OK
* checking files in ‘vignettes’ ... OK
* checking examples ... [1s/1s] OK
* checking for unstated dependencies in vignettes ... OK
* checking package vignettes ... OK
* checking re-building of vignette outputs ... [3s/3s] OK
* checking PDF version of manual ... [3s/3s] OK
* checking HTML version of manual ... [1s/1s] OK
* checking for non-standard things in the check directory ... OK
* checking for detritus in the temp directory ... OK
* DONE
Status: 1 WARNING, 1 NOTE